{"id":4190,"date":"2015-07-07T23:39:38","date_gmt":"2015-07-07T21:39:38","guid":{"rendered":"http:\/\/www.thinkingafrica.org\/V2\/?page_id=4190"},"modified":"2015-07-07T23:39:38","modified_gmt":"2015-07-07T21:39:38","slug":"opportunites","status":"publish","type":"page","link":"https:\/\/www.thinkingafrica.org\/V2\/ta\/opportunites\/","title":{"rendered":"Opportunit\u00e9s"},"content":{"rendered":"[vc_row fullwidth=\u00a0\u00bbtrue\u00a0\u00bb attached=\u00a0\u00bbfalse\u00a0\u00bb padding=\u00a0\u00bb0&Prime;][vc_column border_color=\u00a0\u00bb\u00a0\u00bb visibility=\u00a0\u00bb\u00a0\u00bb width=\u00a0\u00bb1\/1&Prime;][mk_page_title_box page_title=\u00a0\u00bbTRAVAILLER AVEC THINKING AFRICA\u00a0\u00bb page_subtitle=\u00a0\u00bbOpportunit\u00e9s. Emplois. Stages.\u00a0\u00bb section_height=\u00a0\u00bb120&Prime; bg_type=\u00a0\u00bbcolor\u00a0\u00bb bg_color=\u00a0\u00bb#d84a3a\u00a0\u00bb bg_position=\u00a0\u00bbleft top\u00a0\u00bb bg_stretch=\u00a0\u00bbfalse\u00a0\u00bb attachment=\u00a0\u00bbscroll\u00a0\u00bb text_align=\u00a0\u00bbcenter\u00a0\u00bb font_size=\u00a0\u00bb30&Prime; title_letter_spacing=\u00a0\u00bb3&Prime; font_color=\u00a0\u00bb#ffffff\u00a0\u00bb font_weight=\u00a0\u00bbinherit\u00a0\u00bb underline=\u00a0\u00bbtrue\u00a0\u00bb padding=\u00a0\u00bb20&Prime; sub_font_size=\u00a0\u00bb20&Prime; sub_font_color=\u00a0\u00bb#ffffff\u00a0\u00bb sub_font_weight=\u00a0\u00bbinherit\u00a0\u00bb][vc_empty_space height=\u00a0\u00bb20px\u00a0\u00bb][\/vc_column][\/vc_row][vc_row][vc_column width=\u00a0\u00bb1\/1&Prime;][vc_column_text disable_pattern=\u00a0\u00bbtrue\u00a0\u00bb align=\u00a0\u00bbleft\u00a0\u00bb margin_bottom=\u00a0\u00bb0&Prime;]\n<h5><span style=\"color: #f2825d;\">Thinking Africa associe exp\u00e9riences sur le terrain et analyses, productions intellectuelles et partages de connaissances, recommandations et formation des acteurs de terrain, d\u2019une part, et regroupe en son sein, des experts, universitaires et praticiens sp\u00e9cialis\u00e9s dans les enjeux de construction et de d\u00e9veloppement d\u2019une paix durable en Afrique, d\u2019autres.<\/span><\/h5>\n<h5><span style=\"color: #d84a3a;\">A cette fin, nous sollicitons et recourons \u00e0 une vari\u00e9t\u00e9 de comp\u00e9tences et de talents. Vous trouverez sur cette page, les opportunit\u00e9s de travailler avec Thinking Africa.<\/span><\/h5>\n[\/vc_column_text][vc_separator color=\u00a0\u00bbcustom\u00a0\u00bb align=\u00a0\u00bbalign_center\u00a0\u00bb style=\u00a0\u00bbdotted\u00a0\u00bb accent_color=\u00a0\u00bb#d84a3a\u00a0\u00bb][\/vc_column][\/vc_row][vc_row fullwidth=\u00a0\u00bbfalse\u00a0\u00bb attached=\u00a0\u00bbfalse\u00a0\u00bb padding=\u00a0\u00bb0&Prime; visibility=\u00a0\u00bb\u00a0\u00bb animation=\u00a0\u00bb\u00a0\u00bb][vc_column border_color=\u00a0\u00bb\u00a0\u00bb visibility=\u00a0\u00bb\u00a0\u00bb width=\u00a0\u00bb2\/3&Prime;][vc_column_text disable_pattern=\u00a0\u00bbtrue\u00a0\u00bb align=\u00a0\u00bbleft\u00a0\u00bb margin_bottom=\u00a0\u00bb0&Prime;]Plus d&rsquo;information bient\u00f4t&#8230;[\/vc_column_text][\/vc_column][vc_column border_color=\u00a0\u00bb\u00a0\u00bb visibility=\u00a0\u00bb\u00a0\u00bb width=\u00a0\u00bb1\/3&Prime;][mk_custom_sidebar sidebar=\u00a0\u00bbsidebar-1&Prime;][\/vc_column][\/vc_row]\n","protected":false},"excerpt":{"rendered":"<p>[vc_row fullwidth=\u00a0\u00bbtrue\u00a0\u00bb attached=\u00a0\u00bbfalse\u00a0\u00bb padding=\u00a0\u00bb0&Prime;][vc_column border_color=\u00a0\u00bb\u00a0\u00bb visibility=\u00a0\u00bb\u00a0\u00bb width=\u00a0\u00bb1\/1&Prime;][mk_page_title_box page_title=\u00a0\u00bbTRAVAILLER AVEC THINKING AFRICA\u00a0\u00bb page_subtitle=\u00a0\u00bbOpportunit\u00e9s. Emplois. Stages.\u00a0\u00bb section_height=\u00a0\u00bb120&Prime; bg_type=\u00a0\u00bbcolor\u00a0\u00bb bg_color=\u00a0\u00bb#d84a3a\u00a0\u00bb bg_position=\u00a0\u00bbleft top\u00a0\u00bb bg_stretch=\u00a0\u00bbfalse\u00a0\u00bb attachment=\u00a0\u00bbscroll\u00a0\u00bb text_align=\u00a0\u00bbcenter\u00a0\u00bb font_size=\u00a0\u00bb30&Prime; title_letter_spacing=\u00a0\u00bb3&Prime; font_color=\u00a0\u00bb#ffffff\u00a0\u00bb font_weight=\u00a0\u00bbinherit\u00a0\u00bb underline=\u00a0\u00bbtrue\u00a0\u00bb padding=\u00a0\u00bb20&Prime; sub_font_size=\u00a0\u00bb20&Prime; sub_font_color=\u00a0\u00bb#ffffff\u00a0\u00bb sub_font_weight=\u00a0\u00bbinherit\u00a0\u00bb][vc_empty_space height=\u00a0\u00bb20px\u00a0\u00bb][\/vc_column][\/vc_row][vc_row][vc_column width=\u00a0\u00bb1\/1&Prime;][vc_column_text disable_pattern=\u00a0\u00bbtrue\u00a0\u00bb align=\u00a0\u00bbleft\u00a0\u00bb margin_bottom=\u00a0\u00bb0&Prime;] Thinking Africa associe exp\u00e9riences sur le terrain et analyses, productions intellectuelles et partages de connaissances, recommandations et formation des [&hellip;]<\/p>\n","protected":false},"author":1,"featured_media":0,"parent":4169,"menu_order":2,"comment_status":"open","ping_status":"open","template":"","meta":{"footnotes":""},"class_list":["post-4190","page","type-page","status-publish","hentry"],"yoast_head":"<!-- This site is optimized with the Yoast SEO plugin v27.3 - https:\/\/yoast.com\/product\/yoast-seo-wordpress\/ -->\n<title>Opportunit\u00e9s - Thinking Africa<\/title>\n<meta name=\"robots\" content=\"index, follow, max-snippet:-1, max-image-preview:large, max-video-preview:-1\" \/>\n<link rel=\"canonical\" href=\"https:\/\/www.thinkingafrica.org\/V2\/ta\/opportunites\/\" \/>\n<meta property=\"og:locale\" content=\"fr_FR\" \/>\n<meta property=\"og:type\" content=\"article\" \/>\n<meta property=\"og:title\" content=\"Opportunit\u00e9s - Thinking Africa\" \/>\n<meta property=\"og:description\" content=\"[vc_row fullwidth=\u00a0\u00bbtrue\u00a0\u00bb attached=\u00a0\u00bbfalse\u00a0\u00bb padding=\u00a0\u00bb0&Prime;][vc_column border_color=\u00a0\u00bb\u00a0\u00bb visibility=\u00a0\u00bb\u00a0\u00bb width=\u00a0\u00bb1\/1&Prime;][mk_page_title_box page_title=\u00a0\u00bbTRAVAILLER AVEC THINKING AFRICA\u00a0\u00bb page_subtitle=\u00a0\u00bbOpportunit\u00e9s. Emplois. Stages.\u00a0\u00bb section_height=\u00a0\u00bb120&Prime; bg_type=\u00a0\u00bbcolor\u00a0\u00bb bg_color=\u00a0\u00bb#d84a3a\u00a0\u00bb bg_position=\u00a0\u00bbleft top\u00a0\u00bb bg_stretch=\u00a0\u00bbfalse\u00a0\u00bb attachment=\u00a0\u00bbscroll\u00a0\u00bb text_align=\u00a0\u00bbcenter\u00a0\u00bb font_size=\u00a0\u00bb30&Prime; title_letter_spacing=\u00a0\u00bb3&Prime; font_color=\u00a0\u00bb#ffffff\u00a0\u00bb font_weight=\u00a0\u00bbinherit\u00a0\u00bb underline=\u00a0\u00bbtrue\u00a0\u00bb padding=\u00a0\u00bb20&Prime; sub_font_size=\u00a0\u00bb20&Prime; sub_font_color=\u00a0\u00bb#ffffff\u00a0\u00bb sub_font_weight=\u00a0\u00bbinherit\u00a0\u00bb][vc_empty_space height=\u00a0\u00bb20px\u00a0\u00bb][\/vc_column][\/vc_row][vc_row][vc_column width=\u00a0\u00bb1\/1&Prime;][vc_column_text disable_pattern=\u00a0\u00bbtrue\u00a0\u00bb align=\u00a0\u00bbleft\u00a0\u00bb margin_bottom=\u00a0\u00bb0&Prime;] Thinking Africa associe exp\u00e9riences sur le terrain et analyses, productions intellectuelles et partages de connaissances, recommandations et formation des [&hellip;]\" \/>\n<meta property=\"og:url\" content=\"https:\/\/www.thinkingafrica.org\/V2\/ta\/opportunites\/\" \/>\n<meta property=\"og:site_name\" content=\"Thinking Africa\" \/>\n<meta property=\"og:image\" content=\"https:\/\/www.thinkingafrica.org\/V2\/wp-content\/uploads\/2020\/05\/TA-Logo-transparent.png\" \/>\n\t<meta property=\"og:image:width\" content=\"512\" \/>\n\t<meta property=\"og:image:height\" content=\"512\" \/>\n\t<meta property=\"og:image:type\" content=\"image\/png\" \/>\n<meta name=\"twitter:card\" content=\"summary_large_image\" \/>\n<meta name=\"twitter:label1\" content=\"Dur\u00e9e de lecture estim\u00e9e\" \/>\n\t<meta name=\"twitter:data1\" content=\"1 minute\" \/>\n<script type=\"application\/ld+json\" class=\"yoast-schema-graph\">{\"@context\":\"https:\\\/\\\/schema.org\",\"@graph\":[{\"@type\":\"WebPage\",\"@id\":\"https:\\\/\\\/www.thinkingafrica.org\\\/V2\\\/ta\\\/opportunites\\\/\",\"url\":\"https:\\\/\\\/www.thinkingafrica.org\\\/V2\\\/ta\\\/opportunites\\\/\",\"name\":\"Opportunit\u00e9s - Thinking Africa\",\"isPartOf\":{\"@id\":\"https:\\\/\\\/www.thinkingafrica.org\\\/V2\\\/#website\"},\"datePublished\":\"2015-07-07T21:39:38+00:00\",\"breadcrumb\":{\"@id\":\"https:\\\/\\\/www.thinkingafrica.org\\\/V2\\\/ta\\\/opportunites\\\/#breadcrumb\"},\"inLanguage\":\"fr-FR\",\"potentialAction\":[{\"@type\":\"ReadAction\",\"target\":[\"https:\\\/\\\/www.thinkingafrica.org\\\/V2\\\/ta\\\/opportunites\\\/\"]}]},{\"@type\":\"BreadcrumbList\",\"@id\":\"https:\\\/\\\/www.thinkingafrica.org\\\/V2\\\/ta\\\/opportunites\\\/#breadcrumb\",\"itemListElement\":[{\"@type\":\"ListItem\",\"position\":1,\"name\":\"Accueil\",\"item\":\"https:\\\/\\\/www.thinkingafrica.org\\\/V2\\\/\"},{\"@type\":\"ListItem\",\"position\":2,\"name\":\"Think-Tank\",\"item\":\"https:\\\/\\\/www.thinkingafrica.org\\\/V2\\\/ta\\\/\"},{\"@type\":\"ListItem\",\"position\":3,\"name\":\"Opportunit\u00e9s\"}]},{\"@type\":\"WebSite\",\"@id\":\"https:\\\/\\\/www.thinkingafrica.org\\\/V2\\\/#website\",\"url\":\"https:\\\/\\\/www.thinkingafrica.org\\\/V2\\\/\",\"name\":\"Thinking Africa\",\"description\":\"Recherche, r\u00e9flexions et ressources pour r\u00e9inventer le leadership africain\",\"potentialAction\":[{\"@type\":\"SearchAction\",\"target\":{\"@type\":\"EntryPoint\",\"urlTemplate\":\"https:\\\/\\\/www.thinkingafrica.org\\\/V2\\\/?s={search_term_string}\"},\"query-input\":{\"@type\":\"PropertyValueSpecification\",\"valueRequired\":true,\"valueName\":\"search_term_string\"}}],\"inLanguage\":\"fr-FR\"}]}<\/script>\n<!-- \/ Yoast SEO plugin. -->","yoast_head_json":{"title":"Opportunit\u00e9s - Thinking Africa","robots":{"index":"index","follow":"follow","max-snippet":"max-snippet:-1","max-image-preview":"max-image-preview:large","max-video-preview":"max-video-preview:-1"},"canonical":"https:\/\/www.thinkingafrica.org\/V2\/ta\/opportunites\/","og_locale":"fr_FR","og_type":"article","og_title":"Opportunit\u00e9s - Thinking Africa","og_description":"[vc_row fullwidth=\u00a0\u00bbtrue\u00a0\u00bb attached=\u00a0\u00bbfalse\u00a0\u00bb padding=\u00a0\u00bb0&Prime;][vc_column border_color=\u00a0\u00bb\u00a0\u00bb visibility=\u00a0\u00bb\u00a0\u00bb width=\u00a0\u00bb1\/1&Prime;][mk_page_title_box page_title=\u00a0\u00bbTRAVAILLER AVEC THINKING AFRICA\u00a0\u00bb page_subtitle=\u00a0\u00bbOpportunit\u00e9s. Emplois. Stages.\u00a0\u00bb section_height=\u00a0\u00bb120&Prime; bg_type=\u00a0\u00bbcolor\u00a0\u00bb bg_color=\u00a0\u00bb#d84a3a\u00a0\u00bb bg_position=\u00a0\u00bbleft top\u00a0\u00bb bg_stretch=\u00a0\u00bbfalse\u00a0\u00bb attachment=\u00a0\u00bbscroll\u00a0\u00bb text_align=\u00a0\u00bbcenter\u00a0\u00bb font_size=\u00a0\u00bb30&Prime; title_letter_spacing=\u00a0\u00bb3&Prime; font_color=\u00a0\u00bb#ffffff\u00a0\u00bb font_weight=\u00a0\u00bbinherit\u00a0\u00bb underline=\u00a0\u00bbtrue\u00a0\u00bb padding=\u00a0\u00bb20&Prime; sub_font_size=\u00a0\u00bb20&Prime; sub_font_color=\u00a0\u00bb#ffffff\u00a0\u00bb sub_font_weight=\u00a0\u00bbinherit\u00a0\u00bb][vc_empty_space height=\u00a0\u00bb20px\u00a0\u00bb][\/vc_column][\/vc_row][vc_row][vc_column width=\u00a0\u00bb1\/1&Prime;][vc_column_text disable_pattern=\u00a0\u00bbtrue\u00a0\u00bb align=\u00a0\u00bbleft\u00a0\u00bb margin_bottom=\u00a0\u00bb0&Prime;] Thinking Africa associe exp\u00e9riences sur le terrain et analyses, productions intellectuelles et partages de connaissances, recommandations et formation des [&hellip;]","og_url":"https:\/\/www.thinkingafrica.org\/V2\/ta\/opportunites\/","og_site_name":"Thinking Africa","og_image":[{"width":512,"height":512,"url":"https:\/\/www.thinkingafrica.org\/V2\/wp-content\/uploads\/2020\/05\/TA-Logo-transparent.png","type":"image\/png"}],"twitter_card":"summary_large_image","twitter_misc":{"Dur\u00e9e de lecture estim\u00e9e":"1 minute"},"schema":{"@context":"https:\/\/schema.org","@graph":[{"@type":"WebPage","@id":"https:\/\/www.thinkingafrica.org\/V2\/ta\/opportunites\/","url":"https:\/\/www.thinkingafrica.org\/V2\/ta\/opportunites\/","name":"Opportunit\u00e9s - Thinking Africa","isPartOf":{"@id":"https:\/\/www.thinkingafrica.org\/V2\/#website"},"datePublished":"2015-07-07T21:39:38+00:00","breadcrumb":{"@id":"https:\/\/www.thinkingafrica.org\/V2\/ta\/opportunites\/#breadcrumb"},"inLanguage":"fr-FR","potentialAction":[{"@type":"ReadAction","target":["https:\/\/www.thinkingafrica.org\/V2\/ta\/opportunites\/"]}]},{"@type":"BreadcrumbList","@id":"https:\/\/www.thinkingafrica.org\/V2\/ta\/opportunites\/#breadcrumb","itemListElement":[{"@type":"ListItem","position":1,"name":"Accueil","item":"https:\/\/www.thinkingafrica.org\/V2\/"},{"@type":"ListItem","position":2,"name":"Think-Tank","item":"https:\/\/www.thinkingafrica.org\/V2\/ta\/"},{"@type":"ListItem","position":3,"name":"Opportunit\u00e9s"}]},{"@type":"WebSite","@id":"https:\/\/www.thinkingafrica.org\/V2\/#website","url":"https:\/\/www.thinkingafrica.org\/V2\/","name":"Thinking Africa","description":"Recherche, r\u00e9flexions et ressources pour r\u00e9inventer le leadership africain","potentialAction":[{"@type":"SearchAction","target":{"@type":"EntryPoint","urlTemplate":"https:\/\/www.thinkingafrica.org\/V2\/?s={search_term_string}"},"query-input":{"@type":"PropertyValueSpecification","valueRequired":true,"valueName":"search_term_string"}}],"inLanguage":"fr-FR"}]}},"_links":{"self":[{"href":"https:\/\/www.thinkingafrica.org\/V2\/wp-json\/wp\/v2\/pages\/4190","targetHints":{"allow":["GET"]}}],"collection":[{"href":"https:\/\/www.thinkingafrica.org\/V2\/wp-json\/wp\/v2\/pages"}],"about":[{"href":"https:\/\/www.thinkingafrica.org\/V2\/wp-json\/wp\/v2\/types\/page"}],"author":[{"embeddable":true,"href":"https:\/\/www.thinkingafrica.org\/V2\/wp-json\/wp\/v2\/users\/1"}],"replies":[{"embeddable":true,"href":"https:\/\/www.thinkingafrica.org\/V2\/wp-json\/wp\/v2\/comments?post=4190"}],"version-history":[{"count":1,"href":"https:\/\/www.thinkingafrica.org\/V2\/wp-json\/wp\/v2\/pages\/4190\/revisions"}],"predecessor-version":[{"id":4191,"href":"https:\/\/www.thinkingafrica.org\/V2\/wp-json\/wp\/v2\/pages\/4190\/revisions\/4191"}],"up":[{"embeddable":true,"href":"https:\/\/www.thinkingafrica.org\/V2\/wp-json\/wp\/v2\/pages\/4169"}],"wp:attachment":[{"href":"https:\/\/www.thinkingafrica.org\/V2\/wp-json\/wp\/v2\/media?parent=4190"}],"curies":[{"name":"wp","href":"https:\/\/api.w.org\/{rel}","templated":true}]}}