{"id":4569,"date":"2015-07-14T19:43:55","date_gmt":"2015-07-14T17:43:55","guid":{"rendered":"http:\/\/www.thinkingafrica.org\/V2\/?page_id=4569"},"modified":"2018-07-23T22:26:09","modified_gmt":"2018-07-23T20:26:09","slug":"negociations-bailleurs","status":"publish","type":"page","link":"https:\/\/www.thinkingafrica.org\/V2\/formations\/negociations-bailleurs\/","title":{"rendered":"N\u00e9gocier avec les bailleurs de fonds internationaux"},"content":{"rendered":"[vc_row fullwidth=\u00a0\u00bbtrue\u00a0\u00bb padding=\u00a0\u00bb0&Prime;][vc_column][mk_page_title_box page_title=\u00a0\u00bbNEGOCIATIONS &amp; BAILLEURS DE FONDS INTERNATIONAUX\u00a0\u00bb page_subtitle=\u00a0\u00bbFormations.\u00a0\u00bb section_height=\u00a0\u00bb120&Prime; bg_type=\u00a0\u00bbcolor\u00a0\u00bb bg_color=\u00a0\u00bb#d84a3a\u00a0\u00bb font_size=\u00a0\u00bb30&Prime; font_color=\u00a0\u00bb#ffffff\u00a0\u00bb sub_font_size=\u00a0\u00bb20&Prime; sub_font_color=\u00a0\u00bb#ffffff\u00a0\u00bb][vc_empty_space height=\u00a0\u00bb20px\u00a0\u00bb][\/vc_column][\/vc_row][vc_row padding=\u00a0\u00bb0&Prime;][vc_column][vc_column_text title=\u00a0\u00bbOBJECTIFS DE LA FORMATION\u00a0\u00bb]\n<h5><span style=\"color: #f2825d;\">&#8211; Acqu\u00e9rir de solides comp\u00e9tences en n\u00e9gociation<br \/>\n&#8211; Enrichir les pratiques professionnelles des participants issus des institutions publiques, des collectivit\u00e9s territoriales, des associations, des ONG<br \/>\n&#8211; D\u00e9velopper la reconnaissance des activit\u00e9s de n\u00e9gociations en tant que pratique professionnelle par l\u2019approfondissement et la ma\u00eetrise des outils th\u00e9oriques et pratiques issus d\u2019une longue exp\u00e9rience au plus haut niveau<\/span><\/h5>\n[\/vc_column_text][vc_separator color=\u00a0\u00bbcustom\u00a0\u00bb style=\u00a0\u00bbdotted\u00a0\u00bb accent_color=\u00a0\u00bb#d84a3a\u00a0\u00bb][\/vc_column][\/vc_row][vc_row padding=\u00a0\u00bb0&Prime;][vc_column width=\u00a0\u00bb2\/3&Prime;][vc_tabs container_bg_color=\u00a0\u00bb#ffffff\u00a0\u00bb][vc_tab title=\u00a0\u00bbSAVOIRS ACQUIS A L&rsquo;ISSUE DE LA FORMATION\u00a0\u00bb tab_id=\u00a0\u00bb1434485772-1-61&Prime;][vc_column_text]- <strong>Concevoir<\/strong> et mettre en oeuvre une strat\u00e9gie de n\u00e9gociation ancr\u00e9e sur les enjeux de votre pays avec diff\u00e9rents partenaires internationaux<br \/>\n&#8211; <strong>Composer<\/strong> des \u00e9quipes adapt\u00e9es aux objectifs de la n\u00e9gociation<br \/>\n&#8211; <strong>D\u00e9finir<\/strong> les indicateurs d\u2019\u00e9valuation de la r\u00e9ussite d\u2019une n\u00e9gociation et d\u2019en mesurer les r\u00e9sultats[\/vc_column_text][\/vc_tab][vc_tab title=\u00a0\u00bbPROGRAMME DE LA FORMATION\u00a0\u00bb tab_id=\u00a0\u00bb1434485772-2-72&Prime;][vc_row_inner padding=\u00a0\u00bb0&Prime;][vc_column_inner width=\u00a0\u00bb1\/2&Prime;][vc_column_text]<strong>Construire une strat\u00e9gie de n\u00e9gociation<\/strong><br \/>\n&#8211; Gestion des tensions fondamentales en n\u00e9gociation<br \/>\n&#8211; \u00c9valuation des attentes des parties \u00e0 une n\u00e9gociation<br \/>\n&#8211; Diagnostic d\u2019une situation pr\u00e9alable \u00e0 une n\u00e9gociation<br \/>\n&#8211; Structuration d\u2019un processus de n\u00e9gociation<\/p>\n<p><strong>Pr\u00e9parer la n\u00e9gociation<\/strong><br \/>\n&#8211; Comment \u00e9laborer, faire accepter et partager une strat\u00e9gie de n\u00e9gociation avec son administration<br \/>\n&#8211; Les atouts d\u2019une excellente n\u00e9gociation<br \/>\n&#8211; Anticipation des situations de blocage et gestion des perceptions<br \/>\n&#8211; Conception et utilisation d\u2019une cartographie des acteurs pour l\u2019efficacit\u00e9 de la n\u00e9gociation<\/p>\n<p><strong>Conduire une n\u00e9gociation multilat\u00e9rale<\/strong><br \/>\n&#8211; Adapter la strat\u00e9gie \u00e0 une situation complexe<br \/>\n&#8211; Savoir cr\u00e9er des coalitions<br \/>\n&#8211; D\u00e9finir les objectifs strat\u00e9giques du message \u00e0 communiquer dans et en dehors de la n\u00e9gociation<br \/>\n&#8211; Int\u00e9grer l\u2019\u00e9volution du r\u00f4le des diff\u00e9rents intervenants[\/vc_column_text][\/vc_column_inner][vc_column_inner width=\u00a0\u00bb1\/2&Prime;][vc_column_text]<strong>G\u00e9rer les n\u00e9gociations difficiles : la m\u00e9diation<\/strong><br \/>\n&#8211; Choisir le m\u00e9diateur. Quels sont les crit\u00e8res de s\u00e9lection du m\u00e9diateur?<br \/>\n&#8211; Veiller \u00e0 la coh\u00e9rence de la m\u00e9diation et au respect de sa mise en oeuvre selon les accords des parties<br \/>\n&#8211; Mesurer l\u2019impact des r\u00e9sultats de la m\u00e9diation<br \/>\n&#8211; \u00c9valuer les performances des outils de m\u00e9diation<\/p>\n<p><strong>Souverainet\u00e9 nationale et n\u00e9gociation internationale<\/strong><br \/>\n&#8211; D\u00e9cryptage des n\u00e9gociations avec les institutions financi\u00e8res internationales<br \/>\n&#8211; Synth\u00e8se de la formation et \u00e9laboration d\u2019une strat\u00e9gie individuelle du bon n\u00e9gociateur<br \/>\n&#8211; \u00c9valuation du programme[\/vc_column_text][\/vc_column_inner][\/vc_row_inner][\/vc_tab][\/vc_tabs][vc_accordions][vc_accordion_tab title=\u00a0\u00bbMODALITES DE NOS FORMATIONS\u00a0\u00bb][vc_column_text]<strong>La proc\u00e9dure<\/strong>. Nous vous invitons \u00e0 prendre contact avec notre \u00e9quipe afin de v\u00e9rifier que la formation correspond \u00e0 vos objectifs. L\u2019inscription s\u2019effectue sur la validation de l\u2019ad\u00e9quation de vos attentes et\/ou de votre profil avec le contenu de la formation.<\/p>\n<p><strong>Le public<\/strong>. Nos formations s\u2019adressent principalement aux haut-fonctionnaires, officiers sup\u00e9rieurs, cadres et leaders de la soci\u00e9t\u00e9 civile.<\/p>\n<p><strong>Le d\u00e9roulement<\/strong>. Nos sessions de formations se d\u00e9roulent id\u00e9alement sur 5 jours. Nous pouvons \u00e9galement des modules sur 3 jours en fonction des besoins. Ces formations s\u2019organisent tout au long de l\u2019ann\u00e9e, en Afrique et en Europe.<\/p>\n<p><strong>Le tarif<\/strong>. Nous proposons des tarifs attractifs et modulables en fonction de la dur\u00e9e du programme (3 ou 5 jours).[\/vc_column_text][\/vc_accordion_tab][vc_accordion_tab title=\u00a0\u00bbNOUS CONTACTER\u00a0\u00bb][vc_column_text]<strong>Thinking <\/strong><strong>Africa<\/strong><br \/>\nCocody Riviera Bonoumin<br \/>\n25 BP 1751 Abidjan 25<br \/>\nC\u00f4te d\u2019Ivoire<\/p>\n<p>Email: contact[a]thinkingafrica.org<br \/>\nWhatsApp: +33 6 14 72 02 34<\/p>\n<p>Nous vous invitons \u00e0 prendre contact avec\u00a0 notre \u00e9quipe afin de v\u00e9rifier que la formation correspond \u00e0 vos objectifs. L&rsquo;inscription s\u2019effectue sur\u00a0 la validation de l\u2019ad\u00e9quation de vos attentes et\/ou de votre profil avec le contenu de la formation.[\/vc_column_text][\/vc_accordion_tab][\/vc_accordions][\/vc_column][vc_column width=\u00a0\u00bb1\/3&Prime;][vc_column_text title=\u00a0\u00bbCATALOGUE\u00a0\u00bb css=\u00a0\u00bb.vc_custom_1532383653549{margin-bottom: 0px !important;}\u00a0\u00bb]T\u00e9l\u00e9chargez le catalogue des formations.[\/vc_column_text][vc_single_image image=\u00a0\u00bb6517&Prime; img_size=\u00a0\u00bbmedium\u00a0\u00bb onclick=\u00a0\u00bbcustom_link\u00a0\u00bb img_link_target=\u00a0\u00bb_blank\u00a0\u00bb link=\u00a0\u00bbhttp:\/\/www.thinkingafrica.org\/V2\/wp-content\/uploads\/2018\/07\/brochure-ta.pdf\u00a0\u00bb][vc_accordions heading_title=\u00a0\u00bbNOS FORMATIONS\u00a0\u00bb container_bg_color=\u00a0\u00bb#ffffff\u00a0\u00bb][vc_accordion_tab title=\u00a0\u00bbLeadership\u00a0\u00bb][vc_column_text css=\u00a0\u00bb.vc_custom_1532383905193{margin-bottom: 0px !important;}\u00a0\u00bb]* \u00a0<a href=\"http:\/\/www.thinkingafrica.org\/V2\/formations\/civisme-jeunesse-leadership\/\">Civisme, jeunesse et leadership<\/a><\/p>\n<p>* \u00a0<a href=\"http:\/\/www.thinkingafrica.org\/V2\/formations\/leadership-defis\/\">Le leadership et les d\u00e9fis \u00e0 relever en Afrique<\/a>[\/vc_column_text][\/vc_accordion_tab][vc_accordion_tab title=\u00a0\u00bbN\u00e9gociation &amp; M\u00e9diation\u00a0\u00bb][vc_column_text]* \u00a0<a href=\"http:\/\/www.thinkingafrica.org\/V2\/formations\/negociations-mediations-defis\/\">N\u00e9gociations, m\u00e9diation, leadership et les d\u00e9fis de la politique \u00e9trang\u00e8re<\/a><\/p>\n<p>* \u00a0<a href=\"http:\/\/www.thinkingafrica.org\/V2\/formations\/negociations-bailleurs\/\">N\u00e9gocier avec les bailleurs de fonds internationaux<\/a><\/p>\n[\/vc_column_text][\/vc_accordion_tab][vc_accordion_tab title=\u00a0\u00bbCommunication\u00a0\u00bb][vc_column_text]* \u00a0<a href=\"http:\/\/www.thinkingafrica.org\/V2\/formations\/communication-paix\/\">Communication &amp; Paix<\/a><\/p>\n<p>* \u00a0<a href=\"http:\/\/www.thinkingafrica.org\/V2\/formations\/communication-politique\/\">Communication &amp; Politique<\/a><\/p>\n[\/vc_column_text][\/vc_accordion_tab][vc_accordion_tab title=\u00a0\u00bbGestion administrative\u00a0\u00bb][vc_column_text]* \u00a0<a href=\"http:\/\/www.thinkingafrica.org\/V2\/formations\/controle-parlementaire\/\">Contr\u00f4le parlementaire des contrats des industries extractives<\/a><\/p>\n[\/vc_column_text][\/vc_accordion_tab][vc_accordion_tab title=\u00a0\u00bbS\u00e9curit\u00e9 &amp; D\u00e9fense\u00a0\u00bb][vc_column_text]* \u00a0<a href=\"http:\/\/www.thinkingafrica.org\/V2\/formations\/resolution-conflits\/\">R\u00e9: Inventer la construction de la paix et la r\u00e9solution de conflits en Afrique<\/a><\/p>\n<p>* \u00a0<a href=\"http:\/\/www.thinkingafrica.org\/V2\/formations\/genre-rss\/\">La prise en compte du genre dans la r\u00e9forme du secteur de la s\u00e9curit\u00e9<\/a><\/p>\n[\/vc_column_text][\/vc_accordion_tab][\/vc_accordions][vc_empty_space height=\u00a0\u00bb10px\u00a0\u00bb][\/vc_column][\/vc_row]\n","protected":false},"excerpt":{"rendered":"<p>[vc_row fullwidth=\u00a0\u00bbtrue\u00a0\u00bb padding=\u00a0\u00bb0&Prime;][vc_column][mk_page_title_box page_title=\u00a0\u00bbNEGOCIATIONS &amp; BAILLEURS DE FONDS INTERNATIONAUX\u00a0\u00bb page_subtitle=\u00a0\u00bbFormations.\u00a0\u00bb section_height=\u00a0\u00bb120&Prime; bg_type=\u00a0\u00bbcolor\u00a0\u00bb bg_color=\u00a0\u00bb#d84a3a\u00a0\u00bb font_size=\u00a0\u00bb30&Prime; font_color=\u00a0\u00bb#ffffff\u00a0\u00bb sub_font_size=\u00a0\u00bb20&Prime; sub_font_color=\u00a0\u00bb#ffffff\u00a0\u00bb][vc_empty_space height=\u00a0\u00bb20px\u00a0\u00bb][\/vc_column][\/vc_row][vc_row padding=\u00a0\u00bb0&Prime;][vc_column][vc_column_text title=\u00a0\u00bbOBJECTIFS DE LA FORMATION\u00a0\u00bb] &#8211; Acqu\u00e9rir de solides comp\u00e9tences en n\u00e9gociation &#8211; Enrichir les pratiques professionnelles des participants issus des institutions publiques, des collectivit\u00e9s territoriales, des associations, des ONG &#8211; D\u00e9velopper la reconnaissance des activit\u00e9s de [&hellip;]<\/p>\n","protected":false},"author":1,"featured_media":0,"parent":4512,"menu_order":0,"comment_status":"open","ping_status":"open","template":"","meta":{"footnotes":""},"class_list":["post-4569","page","type-page","status-publish","hentry"],"yoast_head":"<!-- This site is optimized with the Yoast SEO plugin v27.3 - https:\/\/yoast.com\/product\/yoast-seo-wordpress\/ -->\n<title>N\u00e9gocier avec les bailleurs de fonds internationaux - Thinking Africa<\/title>\n<meta name=\"robots\" content=\"index, follow, max-snippet:-1, max-image-preview:large, max-video-preview:-1\" \/>\n<link rel=\"canonical\" href=\"https:\/\/www.thinkingafrica.org\/V2\/formations\/negociations-bailleurs\/\" \/>\n<meta property=\"og:locale\" content=\"fr_FR\" \/>\n<meta property=\"og:type\" content=\"article\" \/>\n<meta property=\"og:title\" content=\"N\u00e9gocier avec les bailleurs de fonds internationaux - Thinking Africa\" \/>\n<meta property=\"og:description\" content=\"[vc_row fullwidth=\u00a0\u00bbtrue\u00a0\u00bb padding=\u00a0\u00bb0&Prime;][vc_column][mk_page_title_box page_title=\u00a0\u00bbNEGOCIATIONS &amp; BAILLEURS DE FONDS INTERNATIONAUX\u00a0\u00bb page_subtitle=\u00a0\u00bbFormations.\u00a0\u00bb section_height=\u00a0\u00bb120&Prime; bg_type=\u00a0\u00bbcolor\u00a0\u00bb bg_color=\u00a0\u00bb#d84a3a\u00a0\u00bb font_size=\u00a0\u00bb30&Prime; font_color=\u00a0\u00bb#ffffff\u00a0\u00bb sub_font_size=\u00a0\u00bb20&Prime; sub_font_color=\u00a0\u00bb#ffffff\u00a0\u00bb][vc_empty_space height=\u00a0\u00bb20px\u00a0\u00bb][\/vc_column][\/vc_row][vc_row padding=\u00a0\u00bb0&Prime;][vc_column][vc_column_text title=\u00a0\u00bbOBJECTIFS DE LA FORMATION\u00a0\u00bb] &#8211; Acqu\u00e9rir de solides comp\u00e9tences en n\u00e9gociation &#8211; Enrichir les pratiques professionnelles des participants issus des institutions publiques, des collectivit\u00e9s territoriales, des associations, des ONG &#8211; D\u00e9velopper la reconnaissance des activit\u00e9s de [&hellip;]\" \/>\n<meta property=\"og:url\" content=\"https:\/\/www.thinkingafrica.org\/V2\/formations\/negociations-bailleurs\/\" \/>\n<meta property=\"og:site_name\" content=\"Thinking Africa\" \/>\n<meta property=\"article:modified_time\" content=\"2018-07-23T20:26:09+00:00\" \/>\n<meta property=\"og:image\" content=\"https:\/\/www.thinkingafrica.org\/V2\/wp-content\/uploads\/2020\/05\/TA-Logo-transparent.png\" \/>\n\t<meta property=\"og:image:width\" content=\"512\" \/>\n\t<meta property=\"og:image:height\" content=\"512\" \/>\n\t<meta property=\"og:image:type\" content=\"image\/png\" \/>\n<meta name=\"twitter:card\" content=\"summary_large_image\" \/>\n<meta name=\"twitter:label1\" content=\"Dur\u00e9e de lecture estim\u00e9e\" \/>\n\t<meta name=\"twitter:data1\" content=\"5 minutes\" \/>\n<script type=\"application\/ld+json\" class=\"yoast-schema-graph\">{\"@context\":\"https:\\\/\\\/schema.org\",\"@graph\":[{\"@type\":\"WebPage\",\"@id\":\"https:\\\/\\\/www.thinkingafrica.org\\\/V2\\\/formations\\\/negociations-bailleurs\\\/\",\"url\":\"https:\\\/\\\/www.thinkingafrica.org\\\/V2\\\/formations\\\/negociations-bailleurs\\\/\",\"name\":\"N\u00e9gocier avec les bailleurs de fonds internationaux - Thinking Africa\",\"isPartOf\":{\"@id\":\"https:\\\/\\\/www.thinkingafrica.org\\\/V2\\\/#website\"},\"datePublished\":\"2015-07-14T17:43:55+00:00\",\"dateModified\":\"2018-07-23T20:26:09+00:00\",\"breadcrumb\":{\"@id\":\"https:\\\/\\\/www.thinkingafrica.org\\\/V2\\\/formations\\\/negociations-bailleurs\\\/#breadcrumb\"},\"inLanguage\":\"fr-FR\",\"potentialAction\":[{\"@type\":\"ReadAction\",\"target\":[\"https:\\\/\\\/www.thinkingafrica.org\\\/V2\\\/formations\\\/negociations-bailleurs\\\/\"]}]},{\"@type\":\"BreadcrumbList\",\"@id\":\"https:\\\/\\\/www.thinkingafrica.org\\\/V2\\\/formations\\\/negociations-bailleurs\\\/#breadcrumb\",\"itemListElement\":[{\"@type\":\"ListItem\",\"position\":1,\"name\":\"Accueil\",\"item\":\"https:\\\/\\\/www.thinkingafrica.org\\\/V2\\\/\"},{\"@type\":\"ListItem\",\"position\":2,\"name\":\"Formations\",\"item\":\"https:\\\/\\\/www.thinkingafrica.org\\\/V2\\\/formations\\\/\"},{\"@type\":\"ListItem\",\"position\":3,\"name\":\"N\u00e9gocier avec les bailleurs de fonds internationaux\"}]},{\"@type\":\"WebSite\",\"@id\":\"https:\\\/\\\/www.thinkingafrica.org\\\/V2\\\/#website\",\"url\":\"https:\\\/\\\/www.thinkingafrica.org\\\/V2\\\/\",\"name\":\"Thinking Africa\",\"description\":\"Recherche, r\u00e9flexions et ressources pour r\u00e9inventer le leadership africain\",\"potentialAction\":[{\"@type\":\"SearchAction\",\"target\":{\"@type\":\"EntryPoint\",\"urlTemplate\":\"https:\\\/\\\/www.thinkingafrica.org\\\/V2\\\/?s={search_term_string}\"},\"query-input\":{\"@type\":\"PropertyValueSpecification\",\"valueRequired\":true,\"valueName\":\"search_term_string\"}}],\"inLanguage\":\"fr-FR\"}]}<\/script>\n<!-- \/ Yoast SEO plugin. -->","yoast_head_json":{"title":"N\u00e9gocier avec les bailleurs de fonds internationaux - Thinking Africa","robots":{"index":"index","follow":"follow","max-snippet":"max-snippet:-1","max-image-preview":"max-image-preview:large","max-video-preview":"max-video-preview:-1"},"canonical":"https:\/\/www.thinkingafrica.org\/V2\/formations\/negociations-bailleurs\/","og_locale":"fr_FR","og_type":"article","og_title":"N\u00e9gocier avec les bailleurs de fonds internationaux - Thinking Africa","og_description":"[vc_row fullwidth=\u00a0\u00bbtrue\u00a0\u00bb padding=\u00a0\u00bb0&Prime;][vc_column][mk_page_title_box page_title=\u00a0\u00bbNEGOCIATIONS &amp; BAILLEURS DE FONDS INTERNATIONAUX\u00a0\u00bb page_subtitle=\u00a0\u00bbFormations.\u00a0\u00bb section_height=\u00a0\u00bb120&Prime; bg_type=\u00a0\u00bbcolor\u00a0\u00bb bg_color=\u00a0\u00bb#d84a3a\u00a0\u00bb font_size=\u00a0\u00bb30&Prime; font_color=\u00a0\u00bb#ffffff\u00a0\u00bb sub_font_size=\u00a0\u00bb20&Prime; sub_font_color=\u00a0\u00bb#ffffff\u00a0\u00bb][vc_empty_space height=\u00a0\u00bb20px\u00a0\u00bb][\/vc_column][\/vc_row][vc_row padding=\u00a0\u00bb0&Prime;][vc_column][vc_column_text title=\u00a0\u00bbOBJECTIFS DE LA FORMATION\u00a0\u00bb] &#8211; Acqu\u00e9rir de solides comp\u00e9tences en n\u00e9gociation &#8211; Enrichir les pratiques professionnelles des participants issus des institutions publiques, des collectivit\u00e9s territoriales, des associations, des ONG &#8211; D\u00e9velopper la reconnaissance des activit\u00e9s de [&hellip;]","og_url":"https:\/\/www.thinkingafrica.org\/V2\/formations\/negociations-bailleurs\/","og_site_name":"Thinking Africa","article_modified_time":"2018-07-23T20:26:09+00:00","og_image":[{"width":512,"height":512,"url":"https:\/\/www.thinkingafrica.org\/V2\/wp-content\/uploads\/2020\/05\/TA-Logo-transparent.png","type":"image\/png"}],"twitter_card":"summary_large_image","twitter_misc":{"Dur\u00e9e de lecture estim\u00e9e":"5 minutes"},"schema":{"@context":"https:\/\/schema.org","@graph":[{"@type":"WebPage","@id":"https:\/\/www.thinkingafrica.org\/V2\/formations\/negociations-bailleurs\/","url":"https:\/\/www.thinkingafrica.org\/V2\/formations\/negociations-bailleurs\/","name":"N\u00e9gocier avec les bailleurs de fonds internationaux - Thinking Africa","isPartOf":{"@id":"https:\/\/www.thinkingafrica.org\/V2\/#website"},"datePublished":"2015-07-14T17:43:55+00:00","dateModified":"2018-07-23T20:26:09+00:00","breadcrumb":{"@id":"https:\/\/www.thinkingafrica.org\/V2\/formations\/negociations-bailleurs\/#breadcrumb"},"inLanguage":"fr-FR","potentialAction":[{"@type":"ReadAction","target":["https:\/\/www.thinkingafrica.org\/V2\/formations\/negociations-bailleurs\/"]}]},{"@type":"BreadcrumbList","@id":"https:\/\/www.thinkingafrica.org\/V2\/formations\/negociations-bailleurs\/#breadcrumb","itemListElement":[{"@type":"ListItem","position":1,"name":"Accueil","item":"https:\/\/www.thinkingafrica.org\/V2\/"},{"@type":"ListItem","position":2,"name":"Formations","item":"https:\/\/www.thinkingafrica.org\/V2\/formations\/"},{"@type":"ListItem","position":3,"name":"N\u00e9gocier avec les bailleurs de fonds internationaux"}]},{"@type":"WebSite","@id":"https:\/\/www.thinkingafrica.org\/V2\/#website","url":"https:\/\/www.thinkingafrica.org\/V2\/","name":"Thinking Africa","description":"Recherche, r\u00e9flexions et ressources pour r\u00e9inventer le leadership africain","potentialAction":[{"@type":"SearchAction","target":{"@type":"EntryPoint","urlTemplate":"https:\/\/www.thinkingafrica.org\/V2\/?s={search_term_string}"},"query-input":{"@type":"PropertyValueSpecification","valueRequired":true,"valueName":"search_term_string"}}],"inLanguage":"fr-FR"}]}},"_links":{"self":[{"href":"https:\/\/www.thinkingafrica.org\/V2\/wp-json\/wp\/v2\/pages\/4569","targetHints":{"allow":["GET"]}}],"collection":[{"href":"https:\/\/www.thinkingafrica.org\/V2\/wp-json\/wp\/v2\/pages"}],"about":[{"href":"https:\/\/www.thinkingafrica.org\/V2\/wp-json\/wp\/v2\/types\/page"}],"author":[{"embeddable":true,"href":"https:\/\/www.thinkingafrica.org\/V2\/wp-json\/wp\/v2\/users\/1"}],"replies":[{"embeddable":true,"href":"https:\/\/www.thinkingafrica.org\/V2\/wp-json\/wp\/v2\/comments?post=4569"}],"version-history":[{"count":6,"href":"https:\/\/www.thinkingafrica.org\/V2\/wp-json\/wp\/v2\/pages\/4569\/revisions"}],"predecessor-version":[{"id":6618,"href":"https:\/\/www.thinkingafrica.org\/V2\/wp-json\/wp\/v2\/pages\/4569\/revisions\/6618"}],"up":[{"embeddable":true,"href":"https:\/\/www.thinkingafrica.org\/V2\/wp-json\/wp\/v2\/pages\/4512"}],"wp:attachment":[{"href":"https:\/\/www.thinkingafrica.org\/V2\/wp-json\/wp\/v2\/media?parent=4569"}],"curies":[{"name":"wp","href":"https:\/\/api.w.org\/{rel}","templated":true}]}}