{"id":457,"date":"2013-05-27T09:15:43","date_gmt":"2013-05-27T07:15:43","guid":{"rendered":"http:\/\/www.thinkingafrica.org\/V2\/?page_id=457"},"modified":"2014-05-08T16:18:19","modified_gmt":"2014-05-08T14:18:19","slug":"hassatou-balde","status":"publish","type":"page","link":"https:\/\/www.thinkingafrica.org\/V2\/thinking-africa\/equipe-de-recherche\/hassatou-balde\/","title":{"rendered":"Hassatou Bald\u00e9"},"content":{"rendered":"<p><strong>Experte\/Analyste<\/strong><\/p>\n<p><em>Qualifications\/ Dipl\u00f4mes:<\/em> Docteur en droit international<br \/>\n<em>Expertise:<\/em> Paix et s\u00e9curit\u00e9; armes l\u00e9g\u00e8res; d\u00e9sarmement; enfants soldats; Etat de droit; organisations africaines; union africaine, CEDEAO.<br \/>\n<em>Sp\u00e9cialit\u00e9:<\/em> Afrique<\/p>\n<p><em>Contact:<\/em> hassbal@gmail.com<\/p>\n<p><strong>Hassatou Bald\u00e9<\/strong> est Docteur en droit international de l\u2019Universit\u00e9 Paris 1 Panth\u00e9on-Sorbonne. Elle est chercheuse \u00e0 l\u2019Observatoire pour la paix et la s\u00e9curit\u00e9 en Afrique (OPSA): recherche sur la paix et la s\u00e9curit\u00e9 en Afrique depuis F\u00e9vrier 2012. Elle a travaill\u00e9 sur les mines anti personnelles et les bombes \u00e0 sous munitions pour l\u2019Observatoire des Mines (Landmine Monitor Report 2008); a men\u00e9 une \u00e9tude avec l\u2019Universit\u00e9 Cheikh Anta Diop, sur les armes l\u00e9g\u00e8res et de petit calibre et a travaill\u00e9 \u00e0 l\u2019Institut de Recherche des Nations Unies sur le d\u00e9sarmement (UNIDIR).<\/p>\n<p><strong>Publications<\/strong><br \/>\n&#8211; Hassatou Bald\u00e9 <em>\u00abGuinee: Difficile fin de Transition\u00bb<\/em>. Note d\u2019Analyse, Thinking Africa, 24 Avril 2013.<br \/>\n&#8211; Landmine Monitor Report 2008, pp, 192-203, 228-241, 278-293, 294-296, 603-616, Mines Action, Canada.<br \/>\n&#8211; Hassatou Bald\u00e9 <em>\u201cCoordination ONU-Organisations africaines dans la gestion de la paix\u201d<\/em>, Editions universitaires europ\u00e9ennes, ISBN-13: 978-613-1-59590-5; novembre 2011<br \/>\n&#8211; Sous la direction de BANGOURA Dominique -La question du retour des dipl\u00f4m\u00e9s <em>\u00ab bilan et perspectives dans \u00ab quel avenir pour les jeunes de Guin\u00e9e \u00bb<\/em>, PARIS, l\u2019Harmattan novembre 2005<br \/>\n&#8211; Sous la direction de BANGOURA Dominique &#8211; L\u2019alternance est-elle possible par la voie des urnes ? \u00ab<em> l\u2019alternance politique en Guin\u00e9e \u00e0 l\u2019issue des \u00e9lections pr\u00e9sidentielles de d\u00e9cembre 2003 \u00bb<\/em>, PARIS, l\u2019Harmattan, 2004<br \/>\n&#8211; Sous la direction de BANGOURA Dominique &#8211; l\u2019Union africaine et la pr\u00e9vention des conflit <em>\u00ab l\u2019Union Africaine face aux enjeux de paix, de S\u00e9curit\u00e9 et de D\u00e9fense \u00bb<\/em> PARIS, l\u2019Harmattan, 2003<br \/>\n&#8211; La diplomatie pr\u00e9ventive de l\u2019Union Africaine \u00e0 l\u2019\u00e9preuve de la crise malgache <em>\u00ab l\u2019Union Africaine face aux enjeux de paix, de S\u00e9curit\u00e9 et de D\u00e9fense \u00bb<\/em> PARIS, l\u2019Harmattan, 2003<\/p>\n","protected":false},"excerpt":{"rendered":"<p>Experte\/Analyste Qualifications\/ Dipl\u00f4mes: Docteur en droit international Expertise: Paix et s\u00e9curit\u00e9; armes l\u00e9g\u00e8res; d\u00e9sarmement; enfants soldats; Etat de droit; organisations africaines; union africaine, CEDEAO. Sp\u00e9cialit\u00e9: Afrique Contact: hassbal@gmail.com Hassatou Bald\u00e9 est Docteur en droit international de l\u2019Universit\u00e9 Paris 1 Panth\u00e9on-Sorbonne. Elle est chercheuse \u00e0 l\u2019Observatoire pour la paix et la s\u00e9curit\u00e9 en Afrique (OPSA): recherche [&hellip;]<\/p>\n","protected":false},"author":1,"featured_media":0,"parent":13,"menu_order":0,"comment_status":"open","ping_status":"open","template":"","meta":{"footnotes":""},"class_list":["post-457","page","type-page","status-publish","hentry"],"yoast_head":"<!-- This site is optimized with the Yoast SEO plugin v27.4 - https:\/\/yoast.com\/product\/yoast-seo-wordpress\/ -->\n<title>Hassatou Bald\u00e9 - Thinking Africa<\/title>\n<meta name=\"robots\" content=\"index, follow, max-snippet:-1, max-image-preview:large, max-video-preview:-1\" \/>\n<link rel=\"canonical\" href=\"https:\/\/www.thinkingafrica.org\/V2\/thinking-africa\/equipe-de-recherche\/hassatou-balde\/\" \/>\n<meta property=\"og:locale\" content=\"fr_FR\" \/>\n<meta property=\"og:type\" content=\"article\" \/>\n<meta property=\"og:title\" content=\"Hassatou Bald\u00e9 - Thinking Africa\" \/>\n<meta property=\"og:description\" content=\"Experte\/Analyste Qualifications\/ Dipl\u00f4mes: Docteur en droit international Expertise: Paix et s\u00e9curit\u00e9; armes l\u00e9g\u00e8res; d\u00e9sarmement; enfants soldats; Etat de droit; organisations africaines; union africaine, CEDEAO. Sp\u00e9cialit\u00e9: Afrique Contact: hassbal@gmail.com Hassatou Bald\u00e9 est Docteur en droit international de l\u2019Universit\u00e9 Paris 1 Panth\u00e9on-Sorbonne. Elle est chercheuse \u00e0 l\u2019Observatoire pour la paix et la s\u00e9curit\u00e9 en Afrique (OPSA): recherche [&hellip;]\" \/>\n<meta property=\"og:url\" content=\"https:\/\/www.thinkingafrica.org\/V2\/thinking-africa\/equipe-de-recherche\/hassatou-balde\/\" \/>\n<meta property=\"og:site_name\" content=\"Thinking Africa\" \/>\n<meta property=\"article:modified_time\" content=\"2014-05-08T14:18:19+00:00\" \/>\n<meta property=\"og:image\" content=\"https:\/\/www.thinkingafrica.org\/V2\/wp-content\/uploads\/2020\/05\/TA-Logo-transparent.png\" \/>\n\t<meta property=\"og:image:width\" content=\"512\" \/>\n\t<meta property=\"og:image:height\" content=\"512\" \/>\n\t<meta property=\"og:image:type\" content=\"image\/png\" \/>\n<meta name=\"twitter:card\" content=\"summary_large_image\" \/>\n<meta name=\"twitter:label1\" content=\"Dur\u00e9e de lecture estim\u00e9e\" \/>\n\t<meta name=\"twitter:data1\" content=\"2 minutes\" \/>\n<script type=\"application\/ld+json\" class=\"yoast-schema-graph\">{\"@context\":\"https:\\\/\\\/schema.org\",\"@graph\":[{\"@type\":\"WebPage\",\"@id\":\"https:\\\/\\\/www.thinkingafrica.org\\\/V2\\\/thinking-africa\\\/equipe-de-recherche\\\/hassatou-balde\\\/\",\"url\":\"https:\\\/\\\/www.thinkingafrica.org\\\/V2\\\/thinking-africa\\\/equipe-de-recherche\\\/hassatou-balde\\\/\",\"name\":\"Hassatou Bald\u00e9 - Thinking Africa\",\"isPartOf\":{\"@id\":\"https:\\\/\\\/www.thinkingafrica.org\\\/V2\\\/#website\"},\"datePublished\":\"2013-05-27T07:15:43+00:00\",\"dateModified\":\"2014-05-08T14:18:19+00:00\",\"breadcrumb\":{\"@id\":\"https:\\\/\\\/www.thinkingafrica.org\\\/V2\\\/thinking-africa\\\/equipe-de-recherche\\\/hassatou-balde\\\/#breadcrumb\"},\"inLanguage\":\"fr-FR\",\"potentialAction\":[{\"@type\":\"ReadAction\",\"target\":[\"https:\\\/\\\/www.thinkingafrica.org\\\/V2\\\/thinking-africa\\\/equipe-de-recherche\\\/hassatou-balde\\\/\"]}]},{\"@type\":\"BreadcrumbList\",\"@id\":\"https:\\\/\\\/www.thinkingafrica.org\\\/V2\\\/thinking-africa\\\/equipe-de-recherche\\\/hassatou-balde\\\/#breadcrumb\",\"itemListElement\":[{\"@type\":\"ListItem\",\"position\":1,\"name\":\"Accueil\",\"item\":\"https:\\\/\\\/www.thinkingafrica.org\\\/V2\\\/\"},{\"@type\":\"ListItem\",\"position\":2,\"name\":\"Thinking Africa\",\"item\":\"https:\\\/\\\/www.thinkingafrica.org\\\/V2\\\/thinking-africa\\\/\"},{\"@type\":\"ListItem\",\"position\":3,\"name\":\"Equipe de recherche\",\"item\":\"https:\\\/\\\/www.thinkingafrica.org\\\/V2\\\/thinking-africa\\\/equipe-de-recherche\\\/\"},{\"@type\":\"ListItem\",\"position\":4,\"name\":\"Hassatou Bald\u00e9\"}]},{\"@type\":\"WebSite\",\"@id\":\"https:\\\/\\\/www.thinkingafrica.org\\\/V2\\\/#website\",\"url\":\"https:\\\/\\\/www.thinkingafrica.org\\\/V2\\\/\",\"name\":\"Thinking Africa\",\"description\":\"Recherche, r\u00e9flexions et ressources pour r\u00e9inventer le leadership africain\",\"potentialAction\":[{\"@type\":\"SearchAction\",\"target\":{\"@type\":\"EntryPoint\",\"urlTemplate\":\"https:\\\/\\\/www.thinkingafrica.org\\\/V2\\\/?s={search_term_string}\"},\"query-input\":{\"@type\":\"PropertyValueSpecification\",\"valueRequired\":true,\"valueName\":\"search_term_string\"}}],\"inLanguage\":\"fr-FR\"}]}<\/script>\n<!-- \/ Yoast SEO plugin. -->","yoast_head_json":{"title":"Hassatou Bald\u00e9 - Thinking Africa","robots":{"index":"index","follow":"follow","max-snippet":"max-snippet:-1","max-image-preview":"max-image-preview:large","max-video-preview":"max-video-preview:-1"},"canonical":"https:\/\/www.thinkingafrica.org\/V2\/thinking-africa\/equipe-de-recherche\/hassatou-balde\/","og_locale":"fr_FR","og_type":"article","og_title":"Hassatou Bald\u00e9 - Thinking Africa","og_description":"Experte\/Analyste Qualifications\/ Dipl\u00f4mes: Docteur en droit international Expertise: Paix et s\u00e9curit\u00e9; armes l\u00e9g\u00e8res; d\u00e9sarmement; enfants soldats; Etat de droit; organisations africaines; union africaine, CEDEAO. Sp\u00e9cialit\u00e9: Afrique Contact: hassbal@gmail.com Hassatou Bald\u00e9 est Docteur en droit international de l\u2019Universit\u00e9 Paris 1 Panth\u00e9on-Sorbonne. Elle est chercheuse \u00e0 l\u2019Observatoire pour la paix et la s\u00e9curit\u00e9 en Afrique (OPSA): recherche [&hellip;]","og_url":"https:\/\/www.thinkingafrica.org\/V2\/thinking-africa\/equipe-de-recherche\/hassatou-balde\/","og_site_name":"Thinking Africa","article_modified_time":"2014-05-08T14:18:19+00:00","og_image":[{"width":512,"height":512,"url":"https:\/\/www.thinkingafrica.org\/V2\/wp-content\/uploads\/2020\/05\/TA-Logo-transparent.png","type":"image\/png"}],"twitter_card":"summary_large_image","twitter_misc":{"Dur\u00e9e de lecture estim\u00e9e":"2 minutes"},"schema":{"@context":"https:\/\/schema.org","@graph":[{"@type":"WebPage","@id":"https:\/\/www.thinkingafrica.org\/V2\/thinking-africa\/equipe-de-recherche\/hassatou-balde\/","url":"https:\/\/www.thinkingafrica.org\/V2\/thinking-africa\/equipe-de-recherche\/hassatou-balde\/","name":"Hassatou Bald\u00e9 - Thinking Africa","isPartOf":{"@id":"https:\/\/www.thinkingafrica.org\/V2\/#website"},"datePublished":"2013-05-27T07:15:43+00:00","dateModified":"2014-05-08T14:18:19+00:00","breadcrumb":{"@id":"https:\/\/www.thinkingafrica.org\/V2\/thinking-africa\/equipe-de-recherche\/hassatou-balde\/#breadcrumb"},"inLanguage":"fr-FR","potentialAction":[{"@type":"ReadAction","target":["https:\/\/www.thinkingafrica.org\/V2\/thinking-africa\/equipe-de-recherche\/hassatou-balde\/"]}]},{"@type":"BreadcrumbList","@id":"https:\/\/www.thinkingafrica.org\/V2\/thinking-africa\/equipe-de-recherche\/hassatou-balde\/#breadcrumb","itemListElement":[{"@type":"ListItem","position":1,"name":"Accueil","item":"https:\/\/www.thinkingafrica.org\/V2\/"},{"@type":"ListItem","position":2,"name":"Thinking Africa","item":"https:\/\/www.thinkingafrica.org\/V2\/thinking-africa\/"},{"@type":"ListItem","position":3,"name":"Equipe de recherche","item":"https:\/\/www.thinkingafrica.org\/V2\/thinking-africa\/equipe-de-recherche\/"},{"@type":"ListItem","position":4,"name":"Hassatou Bald\u00e9"}]},{"@type":"WebSite","@id":"https:\/\/www.thinkingafrica.org\/V2\/#website","url":"https:\/\/www.thinkingafrica.org\/V2\/","name":"Thinking Africa","description":"Recherche, r\u00e9flexions et ressources pour r\u00e9inventer le leadership africain","potentialAction":[{"@type":"SearchAction","target":{"@type":"EntryPoint","urlTemplate":"https:\/\/www.thinkingafrica.org\/V2\/?s={search_term_string}"},"query-input":{"@type":"PropertyValueSpecification","valueRequired":true,"valueName":"search_term_string"}}],"inLanguage":"fr-FR"}]}},"_links":{"self":[{"href":"https:\/\/www.thinkingafrica.org\/V2\/wp-json\/wp\/v2\/pages\/457","targetHints":{"allow":["GET"]}}],"collection":[{"href":"https:\/\/www.thinkingafrica.org\/V2\/wp-json\/wp\/v2\/pages"}],"about":[{"href":"https:\/\/www.thinkingafrica.org\/V2\/wp-json\/wp\/v2\/types\/page"}],"author":[{"embeddable":true,"href":"https:\/\/www.thinkingafrica.org\/V2\/wp-json\/wp\/v2\/users\/1"}],"replies":[{"embeddable":true,"href":"https:\/\/www.thinkingafrica.org\/V2\/wp-json\/wp\/v2\/comments?post=457"}],"version-history":[{"count":8,"href":"https:\/\/www.thinkingafrica.org\/V2\/wp-json\/wp\/v2\/pages\/457\/revisions"}],"predecessor-version":[{"id":3046,"href":"https:\/\/www.thinkingafrica.org\/V2\/wp-json\/wp\/v2\/pages\/457\/revisions\/3046"}],"up":[{"embeddable":true,"href":"https:\/\/www.thinkingafrica.org\/V2\/wp-json\/wp\/v2\/pages\/13"}],"wp:attachment":[{"href":"https:\/\/www.thinkingafrica.org\/V2\/wp-json\/wp\/v2\/media?parent=457"}],"curies":[{"name":"wp","href":"https:\/\/api.w.org\/{rel}","templated":true}]}}