{"id":620,"date":"2013-06-02T13:33:28","date_gmt":"2013-06-02T11:33:28","guid":{"rendered":"http:\/\/www.thinkingafrica.org\/V2\/?page_id=620"},"modified":"2014-10-12T19:02:03","modified_gmt":"2014-10-12T17:02:03","slug":"mara-jorge","status":"publish","type":"page","link":"https:\/\/www.thinkingafrica.org\/V2\/thinking-africa\/management\/mara-jorge\/","title":{"rendered":"Mara Jorge"},"content":{"rendered":"<p><strong>Charg\u00e9e de conf\u00e9rences<\/strong><\/p>\n<p><em>Qualifications\/Dipl\u00f4mes:<\/em> Ma\u00eetrise en Droit international<br \/>\n<em>Expertise:<\/em> R\u00e9solution de conflits, m\u00e9diation.<br \/>\n<em>Sp\u00e9cialit\u00e9:<\/em> Union Africaine<\/p>\n<p><em>Contact:<\/em> mara.ab.jorge@gmail.com<\/p>\n<p><strong>Mara Jorge <\/strong>a une ma\u00eetrise en Droit international de l\u2019Universit\u00e9 Paris 1- Panth\u00e9on Sorbonne (France), et est en phase terminale d\u2019un Master II en Droits Africains dans la m\u00eame Universit\u00e9. Elle se consacre \u00e0 pr\u00e9sent, dans le cadre de la recherche universitaire, \u00e0 la recherche sur le r\u00e8glement pacifique des conflits en Afrique, dans le cadre de l\u2019Union Africaine et des organisations sous r\u00e9gionales africaines.<\/p>\n<p>Ses recherches portent \u00e9galement sur la coop\u00e9ration entre les organisations internationales en mati\u00e8re de r\u00e8glement de conflits et dans la recherche de la paix. Depuis 2007, Mara participe dans le milieu associatif, notamment aupr\u00e8s d\u2019ONG engag\u00e9es dans des questions humanitaires, et dans le d\u00e9veloppement durable et social.<\/p>\n","protected":false},"excerpt":{"rendered":"<p>Charg\u00e9e de conf\u00e9rences Qualifications\/Dipl\u00f4mes: Ma\u00eetrise en Droit international Expertise: R\u00e9solution de conflits, m\u00e9diation. Sp\u00e9cialit\u00e9: Union Africaine Contact: mara.ab.jorge@gmail.com Mara Jorge a une ma\u00eetrise en Droit international de l\u2019Universit\u00e9 Paris 1- Panth\u00e9on Sorbonne (France), et est en phase terminale d\u2019un Master II en Droits Africains dans la m\u00eame Universit\u00e9. Elle se consacre \u00e0 pr\u00e9sent, dans le [&hellip;]<\/p>\n","protected":false},"author":1,"featured_media":0,"parent":624,"menu_order":0,"comment_status":"open","ping_status":"closed","template":"","meta":{"_acf_changed":false,"rs_blank_template":"","rs_page_bg_color":"","slide_template_v7":"","footnotes":""},"class_list":["post-620","page","type-page","status-publish","hentry"],"acf":[],"yoast_head":"<!-- This site is optimized with the Yoast SEO plugin v27.5 - https:\/\/yoast.com\/product\/yoast-seo-wordpress\/ -->\n<title>Mara Jorge - Thinking Africa<\/title>\n<meta name=\"robots\" content=\"index, follow, max-snippet:-1, max-image-preview:large, max-video-preview:-1\" \/>\n<link rel=\"canonical\" href=\"https:\/\/www.thinkingafrica.org\/V2\/thinking-africa\/management\/mara-jorge\/\" \/>\n<meta property=\"og:locale\" content=\"fr_FR\" \/>\n<meta property=\"og:type\" content=\"article\" \/>\n<meta property=\"og:title\" content=\"Mara Jorge - Thinking Africa\" \/>\n<meta property=\"og:description\" content=\"Charg\u00e9e de conf\u00e9rences Qualifications\/Dipl\u00f4mes: Ma\u00eetrise en Droit international Expertise: R\u00e9solution de conflits, m\u00e9diation. Sp\u00e9cialit\u00e9: Union Africaine Contact: mara.ab.jorge@gmail.com Mara Jorge a une ma\u00eetrise en Droit international de l\u2019Universit\u00e9 Paris 1- Panth\u00e9on Sorbonne (France), et est en phase terminale d\u2019un Master II en Droits Africains dans la m\u00eame Universit\u00e9. Elle se consacre \u00e0 pr\u00e9sent, dans le [&hellip;]\" \/>\n<meta property=\"og:url\" content=\"https:\/\/www.thinkingafrica.org\/V2\/thinking-africa\/management\/mara-jorge\/\" \/>\n<meta property=\"og:site_name\" content=\"Thinking Africa\" \/>\n<meta property=\"article:modified_time\" content=\"2014-10-12T17:02:03+00:00\" \/>\n<meta property=\"og:image\" content=\"https:\/\/www.thinkingafrica.org\/V2\/wp-content\/uploads\/2020\/05\/TA-Logo-transparent.png\" \/>\n\t<meta property=\"og:image:width\" content=\"512\" \/>\n\t<meta property=\"og:image:height\" content=\"512\" \/>\n\t<meta property=\"og:image:type\" content=\"image\/png\" \/>\n<meta name=\"twitter:card\" content=\"summary_large_image\" \/>\n<meta name=\"twitter:label1\" content=\"Dur\u00e9e de lecture estim\u00e9e\" \/>\n\t<meta name=\"twitter:data1\" content=\"1 minute\" \/>\n<script type=\"application\/ld+json\" class=\"yoast-schema-graph\">{\"@context\":\"https:\\\/\\\/schema.org\",\"@graph\":[{\"@type\":\"WebPage\",\"@id\":\"https:\\\/\\\/www.thinkingafrica.org\\\/V2\\\/thinking-africa\\\/management\\\/mara-jorge\\\/\",\"url\":\"https:\\\/\\\/www.thinkingafrica.org\\\/V2\\\/thinking-africa\\\/management\\\/mara-jorge\\\/\",\"name\":\"Mara Jorge - Thinking Africa\",\"isPartOf\":{\"@id\":\"https:\\\/\\\/www.thinkingafrica.org\\\/V2\\\/#website\"},\"datePublished\":\"2013-06-02T11:33:28+00:00\",\"dateModified\":\"2014-10-12T17:02:03+00:00\",\"breadcrumb\":{\"@id\":\"https:\\\/\\\/www.thinkingafrica.org\\\/V2\\\/thinking-africa\\\/management\\\/mara-jorge\\\/#breadcrumb\"},\"inLanguage\":\"fr-FR\",\"potentialAction\":[{\"@type\":\"ReadAction\",\"target\":[\"https:\\\/\\\/www.thinkingafrica.org\\\/V2\\\/thinking-africa\\\/management\\\/mara-jorge\\\/\"]}]},{\"@type\":\"BreadcrumbList\",\"@id\":\"https:\\\/\\\/www.thinkingafrica.org\\\/V2\\\/thinking-africa\\\/management\\\/mara-jorge\\\/#breadcrumb\",\"itemListElement\":[{\"@type\":\"ListItem\",\"position\":1,\"name\":\"Accueil\",\"item\":\"https:\\\/\\\/www.thinkingafrica.org\\\/V2\\\/\"},{\"@type\":\"ListItem\",\"position\":2,\"name\":\"Thinking Africa\",\"item\":\"https:\\\/\\\/www.thinkingafrica.org\\\/V2\\\/thinking-africa\\\/\"},{\"@type\":\"ListItem\",\"position\":3,\"name\":\"Management &#038; Support\",\"item\":\"https:\\\/\\\/www.thinkingafrica.org\\\/V2\\\/thinking-africa\\\/management\\\/\"},{\"@type\":\"ListItem\",\"position\":4,\"name\":\"Mara Jorge\"}]},{\"@type\":\"WebSite\",\"@id\":\"https:\\\/\\\/www.thinkingafrica.org\\\/V2\\\/#website\",\"url\":\"https:\\\/\\\/www.thinkingafrica.org\\\/V2\\\/\",\"name\":\"Thinking Africa\",\"description\":\"Recherche, r\u00e9flexions et ressources pour r\u00e9inventer le leadership africain\",\"potentialAction\":[{\"@type\":\"SearchAction\",\"target\":{\"@type\":\"EntryPoint\",\"urlTemplate\":\"https:\\\/\\\/www.thinkingafrica.org\\\/V2\\\/?s={search_term_string}\"},\"query-input\":{\"@type\":\"PropertyValueSpecification\",\"valueRequired\":true,\"valueName\":\"search_term_string\"}}],\"inLanguage\":\"fr-FR\"}]}<\/script>\n<!-- \/ Yoast SEO plugin. -->","yoast_head_json":{"title":"Mara Jorge - Thinking Africa","robots":{"index":"index","follow":"follow","max-snippet":"max-snippet:-1","max-image-preview":"max-image-preview:large","max-video-preview":"max-video-preview:-1"},"canonical":"https:\/\/www.thinkingafrica.org\/V2\/thinking-africa\/management\/mara-jorge\/","og_locale":"fr_FR","og_type":"article","og_title":"Mara Jorge - Thinking Africa","og_description":"Charg\u00e9e de conf\u00e9rences Qualifications\/Dipl\u00f4mes: Ma\u00eetrise en Droit international Expertise: R\u00e9solution de conflits, m\u00e9diation. Sp\u00e9cialit\u00e9: Union Africaine Contact: mara.ab.jorge@gmail.com Mara Jorge a une ma\u00eetrise en Droit international de l\u2019Universit\u00e9 Paris 1- Panth\u00e9on Sorbonne (France), et est en phase terminale d\u2019un Master II en Droits Africains dans la m\u00eame Universit\u00e9. Elle se consacre \u00e0 pr\u00e9sent, dans le [&hellip;]","og_url":"https:\/\/www.thinkingafrica.org\/V2\/thinking-africa\/management\/mara-jorge\/","og_site_name":"Thinking Africa","article_modified_time":"2014-10-12T17:02:03+00:00","og_image":[{"width":512,"height":512,"url":"https:\/\/www.thinkingafrica.org\/V2\/wp-content\/uploads\/2020\/05\/TA-Logo-transparent.png","type":"image\/png"}],"twitter_card":"summary_large_image","twitter_misc":{"Dur\u00e9e de lecture estim\u00e9e":"1 minute"},"schema":{"@context":"https:\/\/schema.org","@graph":[{"@type":"WebPage","@id":"https:\/\/www.thinkingafrica.org\/V2\/thinking-africa\/management\/mara-jorge\/","url":"https:\/\/www.thinkingafrica.org\/V2\/thinking-africa\/management\/mara-jorge\/","name":"Mara Jorge - Thinking Africa","isPartOf":{"@id":"https:\/\/www.thinkingafrica.org\/V2\/#website"},"datePublished":"2013-06-02T11:33:28+00:00","dateModified":"2014-10-12T17:02:03+00:00","breadcrumb":{"@id":"https:\/\/www.thinkingafrica.org\/V2\/thinking-africa\/management\/mara-jorge\/#breadcrumb"},"inLanguage":"fr-FR","potentialAction":[{"@type":"ReadAction","target":["https:\/\/www.thinkingafrica.org\/V2\/thinking-africa\/management\/mara-jorge\/"]}]},{"@type":"BreadcrumbList","@id":"https:\/\/www.thinkingafrica.org\/V2\/thinking-africa\/management\/mara-jorge\/#breadcrumb","itemListElement":[{"@type":"ListItem","position":1,"name":"Accueil","item":"https:\/\/www.thinkingafrica.org\/V2\/"},{"@type":"ListItem","position":2,"name":"Thinking Africa","item":"https:\/\/www.thinkingafrica.org\/V2\/thinking-africa\/"},{"@type":"ListItem","position":3,"name":"Management &#038; Support","item":"https:\/\/www.thinkingafrica.org\/V2\/thinking-africa\/management\/"},{"@type":"ListItem","position":4,"name":"Mara Jorge"}]},{"@type":"WebSite","@id":"https:\/\/www.thinkingafrica.org\/V2\/#website","url":"https:\/\/www.thinkingafrica.org\/V2\/","name":"Thinking Africa","description":"Recherche, r\u00e9flexions et ressources pour r\u00e9inventer le leadership africain","potentialAction":[{"@type":"SearchAction","target":{"@type":"EntryPoint","urlTemplate":"https:\/\/www.thinkingafrica.org\/V2\/?s={search_term_string}"},"query-input":{"@type":"PropertyValueSpecification","valueRequired":true,"valueName":"search_term_string"}}],"inLanguage":"fr-FR"}]}},"_links":{"self":[{"href":"https:\/\/www.thinkingafrica.org\/V2\/wp-json\/wp\/v2\/pages\/620","targetHints":{"allow":["GET"]}}],"collection":[{"href":"https:\/\/www.thinkingafrica.org\/V2\/wp-json\/wp\/v2\/pages"}],"about":[{"href":"https:\/\/www.thinkingafrica.org\/V2\/wp-json\/wp\/v2\/types\/page"}],"author":[{"embeddable":true,"href":"https:\/\/www.thinkingafrica.org\/V2\/wp-json\/wp\/v2\/users\/1"}],"replies":[{"embeddable":true,"href":"https:\/\/www.thinkingafrica.org\/V2\/wp-json\/wp\/v2\/comments?post=620"}],"version-history":[{"count":8,"href":"https:\/\/www.thinkingafrica.org\/V2\/wp-json\/wp\/v2\/pages\/620\/revisions"}],"predecessor-version":[{"id":3401,"href":"https:\/\/www.thinkingafrica.org\/V2\/wp-json\/wp\/v2\/pages\/620\/revisions\/3401"}],"up":[{"embeddable":true,"href":"https:\/\/www.thinkingafrica.org\/V2\/wp-json\/wp\/v2\/pages\/624"}],"wp:attachment":[{"href":"https:\/\/www.thinkingafrica.org\/V2\/wp-json\/wp\/v2\/media?parent=620"}],"curies":[{"name":"wp","href":"https:\/\/api.w.org\/{rel}","templated":true}]}}