{"id":6214,"date":"2017-03-06T10:00:09","date_gmt":"2017-03-06T09:00:09","guid":{"rendered":"http:\/\/www.thinkingafrica.org\/V2\/?page_id=6214"},"modified":"2017-03-06T10:06:28","modified_gmt":"2017-03-06T09:06:28","slug":"sta","status":"publish","type":"page","link":"https:\/\/www.thinkingafrica.org\/V2\/ta\/sta\/","title":{"rendered":"Soutenir TA"},"content":{"rendered":"[vc_row fullwidth=\u00a0\u00bbtrue\u00a0\u00bb padding=\u00a0\u00bb0&Prime;][vc_column][mk_page_title_box page_title=\u00a0\u00bbSOUTENIR TA\u00a0\u00bb page_subtitle=\u00a0\u00bbParticiper \u00e0 la r\u00e9invention du leadership africain\u00a0\u00bb section_height=\u00a0\u00bb120&Prime; bg_type=\u00a0\u00bbcolor\u00a0\u00bb bg_color=\u00a0\u00bb#d84a3a\u00a0\u00bb font_size=\u00a0\u00bb30&Prime; font_color=\u00a0\u00bb#ffffff\u00a0\u00bb sub_font_size=\u00a0\u00bb20&Prime; sub_font_color=\u00a0\u00bb#ffffff\u00a0\u00bb][vc_empty_space height=\u00a0\u00bb20px\u00a0\u00bb][\/vc_column][\/vc_row][vc_row][vc_column][vc_column_text]\n<h5><span style=\"color: #f2825d;\">Si nous estimons que la production et la diffusion de nos id\u00e9es sont cruciales, notre raison d&rsquo;\u00eatre repose sur l&rsquo;am\u00e9lioration des politiques publiques, un meilleur leadership sur le continent et un impact positif sur les r\u00e9alit\u00e9s quotidiennes des africains.<\/span><\/h5>\n<h5><span style=\"color: #d84a3a;\">Afin de p\u00e9renniser nos diff\u00e9rentes activit\u00e9s de recherche, publications, formations et conf\u00e9rences, assurer le bon fonctionnement de l\u2019institut, et renforcer notre ind\u00e9pendance et notre mission, Thinking Africa a besoin du soutien des particuliers et des organisations priv\u00e9es.<\/span><\/h5>\n[\/vc_column_text][vc_separator color=\u00a0\u00bbcustom\u00a0\u00bb style=\u00a0\u00bbdotted\u00a0\u00bb accent_color=\u00a0\u00bb#d84a3a\u00a0\u00bb][vc_tabs][vc_tab title=\u00a0\u00bbSOUTENIR TA, C\u2019EST CONTRIBUER A:\u00a0\u00bb tab_id=\u00a0\u00bb1434438687-1-43&Prime;][vc_column_text]\u2022D\u00e9velopper notre capacit\u00e9 \u00e0 produire et \u00e0 diffuser, de mani\u00e8re ind\u00e9pendante, du savoir sur la paix transversale et ses enjeux en Afrique.<\/p>\n<p>\u2022Placer les aspirations et perspectives africaines au c\u0153ur des d\u00e9bats sur le devenir du continent et de ses citoyens.<\/p>\n<p>\u2022Influencer et impacter positivement les d\u00e9cisions autour des enjeux cruciaux africains et allant dans l\u2019int\u00e9r\u00eat g\u00e9n\u00e9ral des africains.[\/vc_column_text][\/vc_tab][vc_tab title=\u00a0\u00bbSOUTENIR TA, C\u2019EST BENEFICIER :\u00a0\u00bb tab_id=\u00a0\u00bb1434438687-2-96&Prime;][vc_column_text]\u2022Des exemplaires de nos publications gratuitement.<\/p>\n<p>\u2022Des invitations \u00e0 nos conf\u00e9rences, colloques et autres rencontres.<\/p>\n<p>\u2022D&rsquo;un certain nombre d&rsquo;avantages sp\u00e9cifiques.[\/vc_column_text][\/vc_tab][vc_tab title=\u00a0\u00bbSOUTENIR THINKING AFRICA, C&rsquo;EST AUSSI :\u00a0\u00bb tab_id=\u00a0\u00bb1434441458941-2-7&Prime;][vc_column_text]<strong>Etre partenaire d\u2019un \u00e9v\u00e8nement TA <\/strong><br \/>\nThinking Africa organise r\u00e9guli\u00e8rement des conf\u00e9rences et rencontres scientifiques. Vous pouvez y contribuer en tant que partenaire.<br \/>\nComment ?<br \/>\n&#8211; Vous repr\u00e9sentez une universit\u00e9, un lieu de rencontre et de d\u00e9bats, en Afrique, en Europe, ou en Am\u00e9rique du Nord, vous pouvez accueillir une conf\u00e9rence Thinking Africa.<br \/>\n&#8211; Vous repr\u00e9sentez un m\u00e9dia national, r\u00e9gional, international, vous pouvez diffuser une partie ou l\u2019int\u00e9gralit\u00e9 d\u2019une conf\u00e9rence Thinking Africa.<br \/>\nPour \u00eatre partenaire d\u2019un \u00e9v\u00e8nement TA, merci de nous contacter \u00e0 contact[a]thinkingafrica.org ou via <a href=\"http:\/\/www.khelias.com\/V2\/thinking-africa\/nous-contacter\/\">le formulaire du site<\/a>.<\/p>\n<p><strong>Accueillir une interview Thinking Africa<\/strong><br \/>\nDans le cadre de sa Web TV, Thinking Africa produit et diffuse r\u00e9guli\u00e8rement des entretiens vid\u00e9os avec des intellectuels et experts influents sur les enjeux africains. Ces interviews ont lieu dans des endroits divers et vari\u00e9s. Elles peuvent avoir lieu dans \u00ab votre lieu \u00bb : Caf\u00e9, Universit\u00e9, Mus\u00e9e, centre culturel, m\u00e9diath\u00e8que, biblioth\u00e8que ou autre. <a href=\"http:\/\/www.khelias.com\/V2\/thinking-africa\/nous-contacter\/\">Discutons des opportunit\u00e9s de collaboration<\/a>.<\/p>\n<p><strong>Faire un don<\/strong><br \/>\nLe m\u00e9tier de Thinking Africa est de produire du savoir utile et prospectif dans une perspective d\u2019int\u00e9r\u00eat g\u00e9n\u00e9ral pour les populations africaines. Vous pourrez bient\u00f4t nous soutenir dans cette mission, en contribuant financi\u00e8rement \u00e0 la production de ce savoir.<\/p>\n[\/vc_column_text][\/vc_tab][\/vc_tabs][vc_column_text title=\u00a0\u00bbT\u00e9l\u00e9charger le bulletin de soutien\u00a0\u00bb]Que vous soyez un particulier ou que vous repr\u00e9sentiez une organisation (Entreprises, ambassades, institutions, fondations, administrations), vous pouvez soutenir Thinking Africa.<\/p>\n<p><strong><a href=\"http:\/\/www.thinkingafrica.org\/V2\/wp-content\/uploads\/2017\/03\/SoutenirTA.pdf\">Cliquez ici pour t\u00e9l\u00e9charger le bulletin de soutien<\/a><\/strong><\/p>\n<div class=\"su-document su-u-responsive-media-yes\"><iframe loading=\"lazy\" src=\"\/\/docs.google.com\/viewer?embedded=true&url=http:\/\/www.thinkingafrica.org\/V2\/wp-content\/uploads\/2017\/03\/SoutenirTA.pdf\" width=\"600\" height=\"400\" class=\"su-document\" title=\"\"><\/iframe><\/div>[\/vc_column_text][\/vc_column][\/vc_row][vc_row padding=\u00a0\u00bb0&Prime;][vc_column][mk_fancy_title style=\u00a0\u00bbtrue\u00a0\u00bb color=\u00a0\u00bb#393836&Prime; font_weight=\u00a0\u00bbbold\u00a0\u00bb font_style=\u00a0\u00bbinhert\u00a0\u00bb margin_bottom=\u00a0\u00bb18&Prime; font_family=\u00a0\u00bbnone\u00a0\u00bb]\n<p><strong>NEWS &amp; UPDATES<\/strong><\/p>\n[\/mk_fancy_title][mk_blog_showcase cat=\u00a0\u00bb31&Prime;][\/vc_column][\/vc_row]\n","protected":false},"excerpt":{"rendered":"<p>[vc_row fullwidth=\u00a0\u00bbtrue\u00a0\u00bb padding=\u00a0\u00bb0&Prime;][vc_column][mk_page_title_box page_title=\u00a0\u00bbSOUTENIR TA\u00a0\u00bb page_subtitle=\u00a0\u00bbParticiper \u00e0 la r\u00e9invention du leadership africain\u00a0\u00bb section_height=\u00a0\u00bb120&Prime; bg_type=\u00a0\u00bbcolor\u00a0\u00bb bg_color=\u00a0\u00bb#d84a3a\u00a0\u00bb font_size=\u00a0\u00bb30&Prime; font_color=\u00a0\u00bb#ffffff\u00a0\u00bb sub_font_size=\u00a0\u00bb20&Prime; sub_font_color=\u00a0\u00bb#ffffff\u00a0\u00bb][vc_empty_space height=\u00a0\u00bb20px\u00a0\u00bb][\/vc_column][\/vc_row][vc_row][vc_column][vc_column_text] Si nous estimons que la production et la diffusion de nos id\u00e9es sont cruciales, notre raison d&rsquo;\u00eatre repose sur l&rsquo;am\u00e9lioration des politiques publiques, un meilleur leadership sur le continent et un impact positif sur les [&hellip;]<\/p>\n","protected":false},"author":1,"featured_media":0,"parent":4169,"menu_order":0,"comment_status":"closed","ping_status":"closed","template":"","meta":{"footnotes":""},"class_list":["post-6214","page","type-page","status-publish","hentry"],"yoast_head":"<!-- This site is optimized with the Yoast SEO plugin v27.3 - https:\/\/yoast.com\/product\/yoast-seo-wordpress\/ -->\n<title>Soutenir TA - Thinking Africa<\/title>\n<meta name=\"robots\" content=\"index, follow, max-snippet:-1, max-image-preview:large, max-video-preview:-1\" \/>\n<link rel=\"canonical\" href=\"https:\/\/www.thinkingafrica.org\/V2\/ta\/sta\/\" \/>\n<meta property=\"og:locale\" content=\"fr_FR\" \/>\n<meta property=\"og:type\" content=\"article\" \/>\n<meta property=\"og:title\" content=\"Soutenir TA - Thinking Africa\" \/>\n<meta property=\"og:description\" content=\"[vc_row fullwidth=\u00a0\u00bbtrue\u00a0\u00bb padding=\u00a0\u00bb0&Prime;][vc_column][mk_page_title_box page_title=\u00a0\u00bbSOUTENIR TA\u00a0\u00bb page_subtitle=\u00a0\u00bbParticiper \u00e0 la r\u00e9invention du leadership africain\u00a0\u00bb section_height=\u00a0\u00bb120&Prime; bg_type=\u00a0\u00bbcolor\u00a0\u00bb bg_color=\u00a0\u00bb#d84a3a\u00a0\u00bb font_size=\u00a0\u00bb30&Prime; font_color=\u00a0\u00bb#ffffff\u00a0\u00bb sub_font_size=\u00a0\u00bb20&Prime; sub_font_color=\u00a0\u00bb#ffffff\u00a0\u00bb][vc_empty_space height=\u00a0\u00bb20px\u00a0\u00bb][\/vc_column][\/vc_row][vc_row][vc_column][vc_column_text] Si nous estimons que la production et la diffusion de nos id\u00e9es sont cruciales, notre raison d&rsquo;\u00eatre repose sur l&rsquo;am\u00e9lioration des politiques publiques, un meilleur leadership sur le continent et un impact positif sur les [&hellip;]\" \/>\n<meta property=\"og:url\" content=\"https:\/\/www.thinkingafrica.org\/V2\/ta\/sta\/\" \/>\n<meta property=\"og:site_name\" content=\"Thinking Africa\" \/>\n<meta property=\"article:modified_time\" content=\"2017-03-06T09:06:28+00:00\" \/>\n<meta property=\"og:image\" content=\"https:\/\/www.thinkingafrica.org\/V2\/wp-content\/uploads\/2020\/05\/TA-Logo-transparent.png\" \/>\n\t<meta property=\"og:image:width\" content=\"512\" \/>\n\t<meta property=\"og:image:height\" content=\"512\" \/>\n\t<meta property=\"og:image:type\" content=\"image\/png\" \/>\n<meta name=\"twitter:card\" content=\"summary_large_image\" \/>\n<meta name=\"twitter:label1\" content=\"Dur\u00e9e de lecture estim\u00e9e\" \/>\n\t<meta name=\"twitter:data1\" content=\"3 minutes\" \/>\n<script type=\"application\/ld+json\" class=\"yoast-schema-graph\">{\"@context\":\"https:\\\/\\\/schema.org\",\"@graph\":[{\"@type\":\"WebPage\",\"@id\":\"https:\\\/\\\/www.thinkingafrica.org\\\/V2\\\/ta\\\/sta\\\/\",\"url\":\"https:\\\/\\\/www.thinkingafrica.org\\\/V2\\\/ta\\\/sta\\\/\",\"name\":\"Soutenir TA - Thinking Africa\",\"isPartOf\":{\"@id\":\"https:\\\/\\\/www.thinkingafrica.org\\\/V2\\\/#website\"},\"datePublished\":\"2017-03-06T09:00:09+00:00\",\"dateModified\":\"2017-03-06T09:06:28+00:00\",\"breadcrumb\":{\"@id\":\"https:\\\/\\\/www.thinkingafrica.org\\\/V2\\\/ta\\\/sta\\\/#breadcrumb\"},\"inLanguage\":\"fr-FR\",\"potentialAction\":[{\"@type\":\"ReadAction\",\"target\":[\"https:\\\/\\\/www.thinkingafrica.org\\\/V2\\\/ta\\\/sta\\\/\"]}]},{\"@type\":\"BreadcrumbList\",\"@id\":\"https:\\\/\\\/www.thinkingafrica.org\\\/V2\\\/ta\\\/sta\\\/#breadcrumb\",\"itemListElement\":[{\"@type\":\"ListItem\",\"position\":1,\"name\":\"Accueil\",\"item\":\"https:\\\/\\\/www.thinkingafrica.org\\\/V2\\\/\"},{\"@type\":\"ListItem\",\"position\":2,\"name\":\"Think-Tank\",\"item\":\"https:\\\/\\\/www.thinkingafrica.org\\\/V2\\\/ta\\\/\"},{\"@type\":\"ListItem\",\"position\":3,\"name\":\"Soutenir TA\"}]},{\"@type\":\"WebSite\",\"@id\":\"https:\\\/\\\/www.thinkingafrica.org\\\/V2\\\/#website\",\"url\":\"https:\\\/\\\/www.thinkingafrica.org\\\/V2\\\/\",\"name\":\"Thinking Africa\",\"description\":\"Recherche, r\u00e9flexions et ressources pour r\u00e9inventer le leadership africain\",\"potentialAction\":[{\"@type\":\"SearchAction\",\"target\":{\"@type\":\"EntryPoint\",\"urlTemplate\":\"https:\\\/\\\/www.thinkingafrica.org\\\/V2\\\/?s={search_term_string}\"},\"query-input\":{\"@type\":\"PropertyValueSpecification\",\"valueRequired\":true,\"valueName\":\"search_term_string\"}}],\"inLanguage\":\"fr-FR\"}]}<\/script>\n<!-- \/ Yoast SEO plugin. -->","yoast_head_json":{"title":"Soutenir TA - Thinking Africa","robots":{"index":"index","follow":"follow","max-snippet":"max-snippet:-1","max-image-preview":"max-image-preview:large","max-video-preview":"max-video-preview:-1"},"canonical":"https:\/\/www.thinkingafrica.org\/V2\/ta\/sta\/","og_locale":"fr_FR","og_type":"article","og_title":"Soutenir TA - Thinking Africa","og_description":"[vc_row fullwidth=\u00a0\u00bbtrue\u00a0\u00bb padding=\u00a0\u00bb0&Prime;][vc_column][mk_page_title_box page_title=\u00a0\u00bbSOUTENIR TA\u00a0\u00bb page_subtitle=\u00a0\u00bbParticiper \u00e0 la r\u00e9invention du leadership africain\u00a0\u00bb section_height=\u00a0\u00bb120&Prime; bg_type=\u00a0\u00bbcolor\u00a0\u00bb bg_color=\u00a0\u00bb#d84a3a\u00a0\u00bb font_size=\u00a0\u00bb30&Prime; font_color=\u00a0\u00bb#ffffff\u00a0\u00bb sub_font_size=\u00a0\u00bb20&Prime; sub_font_color=\u00a0\u00bb#ffffff\u00a0\u00bb][vc_empty_space height=\u00a0\u00bb20px\u00a0\u00bb][\/vc_column][\/vc_row][vc_row][vc_column][vc_column_text] Si nous estimons que la production et la diffusion de nos id\u00e9es sont cruciales, notre raison d&rsquo;\u00eatre repose sur l&rsquo;am\u00e9lioration des politiques publiques, un meilleur leadership sur le continent et un impact positif sur les [&hellip;]","og_url":"https:\/\/www.thinkingafrica.org\/V2\/ta\/sta\/","og_site_name":"Thinking Africa","article_modified_time":"2017-03-06T09:06:28+00:00","og_image":[{"width":512,"height":512,"url":"https:\/\/www.thinkingafrica.org\/V2\/wp-content\/uploads\/2020\/05\/TA-Logo-transparent.png","type":"image\/png"}],"twitter_card":"summary_large_image","twitter_misc":{"Dur\u00e9e de lecture estim\u00e9e":"3 minutes"},"schema":{"@context":"https:\/\/schema.org","@graph":[{"@type":"WebPage","@id":"https:\/\/www.thinkingafrica.org\/V2\/ta\/sta\/","url":"https:\/\/www.thinkingafrica.org\/V2\/ta\/sta\/","name":"Soutenir TA - Thinking Africa","isPartOf":{"@id":"https:\/\/www.thinkingafrica.org\/V2\/#website"},"datePublished":"2017-03-06T09:00:09+00:00","dateModified":"2017-03-06T09:06:28+00:00","breadcrumb":{"@id":"https:\/\/www.thinkingafrica.org\/V2\/ta\/sta\/#breadcrumb"},"inLanguage":"fr-FR","potentialAction":[{"@type":"ReadAction","target":["https:\/\/www.thinkingafrica.org\/V2\/ta\/sta\/"]}]},{"@type":"BreadcrumbList","@id":"https:\/\/www.thinkingafrica.org\/V2\/ta\/sta\/#breadcrumb","itemListElement":[{"@type":"ListItem","position":1,"name":"Accueil","item":"https:\/\/www.thinkingafrica.org\/V2\/"},{"@type":"ListItem","position":2,"name":"Think-Tank","item":"https:\/\/www.thinkingafrica.org\/V2\/ta\/"},{"@type":"ListItem","position":3,"name":"Soutenir TA"}]},{"@type":"WebSite","@id":"https:\/\/www.thinkingafrica.org\/V2\/#website","url":"https:\/\/www.thinkingafrica.org\/V2\/","name":"Thinking Africa","description":"Recherche, r\u00e9flexions et ressources pour r\u00e9inventer le leadership africain","potentialAction":[{"@type":"SearchAction","target":{"@type":"EntryPoint","urlTemplate":"https:\/\/www.thinkingafrica.org\/V2\/?s={search_term_string}"},"query-input":{"@type":"PropertyValueSpecification","valueRequired":true,"valueName":"search_term_string"}}],"inLanguage":"fr-FR"}]}},"_links":{"self":[{"href":"https:\/\/www.thinkingafrica.org\/V2\/wp-json\/wp\/v2\/pages\/6214","targetHints":{"allow":["GET"]}}],"collection":[{"href":"https:\/\/www.thinkingafrica.org\/V2\/wp-json\/wp\/v2\/pages"}],"about":[{"href":"https:\/\/www.thinkingafrica.org\/V2\/wp-json\/wp\/v2\/types\/page"}],"author":[{"embeddable":true,"href":"https:\/\/www.thinkingafrica.org\/V2\/wp-json\/wp\/v2\/users\/1"}],"replies":[{"embeddable":true,"href":"https:\/\/www.thinkingafrica.org\/V2\/wp-json\/wp\/v2\/comments?post=6214"}],"version-history":[{"count":3,"href":"https:\/\/www.thinkingafrica.org\/V2\/wp-json\/wp\/v2\/pages\/6214\/revisions"}],"predecessor-version":[{"id":6219,"href":"https:\/\/www.thinkingafrica.org\/V2\/wp-json\/wp\/v2\/pages\/6214\/revisions\/6219"}],"up":[{"embeddable":true,"href":"https:\/\/www.thinkingafrica.org\/V2\/wp-json\/wp\/v2\/pages\/4169"}],"wp:attachment":[{"href":"https:\/\/www.thinkingafrica.org\/V2\/wp-json\/wp\/v2\/media?parent=6214"}],"curies":[{"name":"wp","href":"https:\/\/api.w.org\/{rel}","templated":true}]}}