{"id":903,"date":"2013-08-21T22:11:51","date_gmt":"2013-08-21T20:11:51","guid":{"rendered":"http:\/\/www.thinkingafrica.org\/V2\/?page_id=903"},"modified":"2014-05-08T16:34:29","modified_gmt":"2014-05-08T14:34:29","slug":"cristina-barrios","status":"publish","type":"page","link":"https:\/\/www.thinkingafrica.org\/V2\/thinking-africa\/experts-affilies\/cristina-barrios\/","title":{"rendered":"Cristina Barrios"},"content":{"rendered":"<p><strong>Cristina Barrios<\/strong><\/p>\n<p><em>Qualifications\/Dipl\u00f4mes:<\/em> Doctorat en Relations Internationales<br \/>\n<em>Expertise:<\/em> Relations Europe-Afrique, s\u00e9curit\u00e9, d\u00e9mocratie, d\u00e9veloppement<br \/>\n<em>Sp\u00e9cialit\u00e9:<\/em> Politiques de l&rsquo;Union Europ\u00e9enne et les relations entre l\u2019Europe et l\u2019Afrique, le nexus entre le d\u00e9veloppement et la s\u00e9curit\u00e9<\/p>\n<p><em>Contact:<\/em> contact@thinkingafrica.org<\/p>\n<p><strong>Cristina Barrios <\/strong>a rejoint the European Union for Security Studies en Avril 2013. Avant de rejoindre EUISS, Cristina \u00e9tait chercheur principal et chef de projet de l&rsquo;UE \u00e0 l&rsquo;ESSEC IRENE, et chercheur au think tank FRIDE. Elle a \u00e9galement travaill\u00e9 comme professeur adjoint \u00e0 l&rsquo;ESCP Europe, chercheur au Centre Carter, en tant que consultant dans la promotion de la d\u00e9mocratie et observateur \u00e9lectoral en R\u00e9publique d\u00e9mocratique du Congo, entre autres. Cristina a obtenu son doctorat en relations internationales de la London School of Economics, et a auparavant \u00e9tudi\u00e9 \u00e0 l&rsquo;Universit\u00e9 de Grenade, Universit\u00e9 de Regensburg, Universit\u00e9 de Paris 8 et \u00e0 l&rsquo;Universit\u00e9 de Californie \u00e0 Berkeley.<\/p>\n<p><span style=\"text-decoration: underline;\">Publications:<\/span><\/p>\n<p>&#8211;\u00a0 Brief Issue &#8211;<i> Building peace in Mali: the elections and beyond <\/i>by Cristina Barrios and Tobias Koepf. European Union Institute for Security Studies, July 2013.<\/p>\n<p>&#8211;\u00a0 Brief Issue &#8211;<i> Fighting piracy in the Gulf of Guinea &#8211; offshore and onshore <\/i>by Cristina Barrios. European Union Institute for Security Studies May 2013.<\/p>\n","protected":false},"excerpt":{"rendered":"<p>Cristina Barrios Qualifications\/Dipl\u00f4mes: Doctorat en Relations Internationales Expertise: Relations Europe-Afrique, s\u00e9curit\u00e9, d\u00e9mocratie, d\u00e9veloppement Sp\u00e9cialit\u00e9: Politiques de l&rsquo;Union Europ\u00e9enne et les relations entre l\u2019Europe et l\u2019Afrique, le nexus entre le d\u00e9veloppement et la s\u00e9curit\u00e9 Contact: contact@thinkingafrica.org Cristina Barrios a rejoint the European Union for Security Studies en Avril 2013. Avant de rejoindre EUISS, Cristina \u00e9tait chercheur [&hellip;]<\/p>\n","protected":false},"author":1,"featured_media":0,"parent":637,"menu_order":0,"comment_status":"open","ping_status":"open","template":"","meta":{"_acf_changed":false,"footnotes":""},"class_list":["post-903","page","type-page","status-publish","hentry"],"acf":[],"yoast_head":"<!-- This site is optimized with the Yoast SEO plugin v27.6 - https:\/\/yoast.com\/product\/yoast-seo-wordpress\/ -->\n<title>Cristina Barrios - Thinking Africa<\/title>\n<meta name=\"robots\" content=\"index, follow, max-snippet:-1, max-image-preview:large, max-video-preview:-1\" \/>\n<link rel=\"canonical\" href=\"https:\/\/www.thinkingafrica.org\/V2\/thinking-africa\/experts-affilies\/cristina-barrios\/\" \/>\n<meta property=\"og:locale\" content=\"fr_FR\" \/>\n<meta property=\"og:type\" content=\"article\" \/>\n<meta property=\"og:title\" content=\"Cristina Barrios - Thinking Africa\" \/>\n<meta property=\"og:description\" content=\"Cristina Barrios Qualifications\/Dipl\u00f4mes: Doctorat en Relations Internationales Expertise: Relations Europe-Afrique, s\u00e9curit\u00e9, d\u00e9mocratie, d\u00e9veloppement Sp\u00e9cialit\u00e9: Politiques de l&rsquo;Union Europ\u00e9enne et les relations entre l\u2019Europe et l\u2019Afrique, le nexus entre le d\u00e9veloppement et la s\u00e9curit\u00e9 Contact: contact@thinkingafrica.org Cristina Barrios a rejoint the European Union for Security Studies en Avril 2013. Avant de rejoindre EUISS, Cristina \u00e9tait chercheur [&hellip;]\" \/>\n<meta property=\"og:url\" content=\"https:\/\/www.thinkingafrica.org\/V2\/thinking-africa\/experts-affilies\/cristina-barrios\/\" \/>\n<meta property=\"og:site_name\" content=\"Thinking Africa\" \/>\n<meta property=\"article:modified_time\" content=\"2014-05-08T14:34:29+00:00\" \/>\n<meta property=\"og:image\" content=\"https:\/\/www.thinkingafrica.org\/V2\/wp-content\/uploads\/2020\/05\/TA-Logo-transparent.png\" \/>\n\t<meta property=\"og:image:width\" content=\"512\" \/>\n\t<meta property=\"og:image:height\" content=\"512\" \/>\n\t<meta property=\"og:image:type\" content=\"image\/png\" \/>\n<meta name=\"twitter:card\" content=\"summary_large_image\" \/>\n<meta name=\"twitter:label1\" content=\"Dur\u00e9e de lecture estim\u00e9e\" \/>\n\t<meta name=\"twitter:data1\" content=\"1 minute\" \/>\n<script type=\"application\/ld+json\" class=\"yoast-schema-graph\">{\"@context\":\"https:\\\/\\\/schema.org\",\"@graph\":[{\"@type\":\"WebPage\",\"@id\":\"https:\\\/\\\/www.thinkingafrica.org\\\/V2\\\/thinking-africa\\\/experts-affilies\\\/cristina-barrios\\\/\",\"url\":\"https:\\\/\\\/www.thinkingafrica.org\\\/V2\\\/thinking-africa\\\/experts-affilies\\\/cristina-barrios\\\/\",\"name\":\"Cristina Barrios - Thinking Africa\",\"isPartOf\":{\"@id\":\"https:\\\/\\\/www.thinkingafrica.org\\\/V2\\\/#website\"},\"datePublished\":\"2013-08-21T20:11:51+00:00\",\"dateModified\":\"2014-05-08T14:34:29+00:00\",\"breadcrumb\":{\"@id\":\"https:\\\/\\\/www.thinkingafrica.org\\\/V2\\\/thinking-africa\\\/experts-affilies\\\/cristina-barrios\\\/#breadcrumb\"},\"inLanguage\":\"fr-FR\",\"potentialAction\":[{\"@type\":\"ReadAction\",\"target\":[\"https:\\\/\\\/www.thinkingafrica.org\\\/V2\\\/thinking-africa\\\/experts-affilies\\\/cristina-barrios\\\/\"]}]},{\"@type\":\"BreadcrumbList\",\"@id\":\"https:\\\/\\\/www.thinkingafrica.org\\\/V2\\\/thinking-africa\\\/experts-affilies\\\/cristina-barrios\\\/#breadcrumb\",\"itemListElement\":[{\"@type\":\"ListItem\",\"position\":1,\"name\":\"Accueil\",\"item\":\"https:\\\/\\\/www.thinkingafrica.org\\\/V2\\\/\"},{\"@type\":\"ListItem\",\"position\":2,\"name\":\"Thinking Africa\",\"item\":\"https:\\\/\\\/www.thinkingafrica.org\\\/V2\\\/thinking-africa\\\/\"},{\"@type\":\"ListItem\",\"position\":3,\"name\":\"Experts affili\u00e9s\",\"item\":\"https:\\\/\\\/www.thinkingafrica.org\\\/V2\\\/thinking-africa\\\/experts-affilies\\\/\"},{\"@type\":\"ListItem\",\"position\":4,\"name\":\"Cristina Barrios\"}]},{\"@type\":\"WebSite\",\"@id\":\"https:\\\/\\\/www.thinkingafrica.org\\\/V2\\\/#website\",\"url\":\"https:\\\/\\\/www.thinkingafrica.org\\\/V2\\\/\",\"name\":\"Thinking Africa\",\"description\":\"Recherche, r\u00e9flexions et ressources pour r\u00e9inventer le leadership africain\",\"potentialAction\":[{\"@type\":\"SearchAction\",\"target\":{\"@type\":\"EntryPoint\",\"urlTemplate\":\"https:\\\/\\\/www.thinkingafrica.org\\\/V2\\\/?s={search_term_string}\"},\"query-input\":{\"@type\":\"PropertyValueSpecification\",\"valueRequired\":true,\"valueName\":\"search_term_string\"}}],\"inLanguage\":\"fr-FR\"}]}<\/script>\n<!-- \/ Yoast SEO plugin. -->","yoast_head_json":{"title":"Cristina Barrios - Thinking Africa","robots":{"index":"index","follow":"follow","max-snippet":"max-snippet:-1","max-image-preview":"max-image-preview:large","max-video-preview":"max-video-preview:-1"},"canonical":"https:\/\/www.thinkingafrica.org\/V2\/thinking-africa\/experts-affilies\/cristina-barrios\/","og_locale":"fr_FR","og_type":"article","og_title":"Cristina Barrios - Thinking Africa","og_description":"Cristina Barrios Qualifications\/Dipl\u00f4mes: Doctorat en Relations Internationales Expertise: Relations Europe-Afrique, s\u00e9curit\u00e9, d\u00e9mocratie, d\u00e9veloppement Sp\u00e9cialit\u00e9: Politiques de l&rsquo;Union Europ\u00e9enne et les relations entre l\u2019Europe et l\u2019Afrique, le nexus entre le d\u00e9veloppement et la s\u00e9curit\u00e9 Contact: contact@thinkingafrica.org Cristina Barrios a rejoint the European Union for Security Studies en Avril 2013. Avant de rejoindre EUISS, Cristina \u00e9tait chercheur [&hellip;]","og_url":"https:\/\/www.thinkingafrica.org\/V2\/thinking-africa\/experts-affilies\/cristina-barrios\/","og_site_name":"Thinking Africa","article_modified_time":"2014-05-08T14:34:29+00:00","og_image":[{"width":512,"height":512,"url":"https:\/\/www.thinkingafrica.org\/V2\/wp-content\/uploads\/2020\/05\/TA-Logo-transparent.png","type":"image\/png"}],"twitter_card":"summary_large_image","twitter_misc":{"Dur\u00e9e de lecture estim\u00e9e":"1 minute"},"schema":{"@context":"https:\/\/schema.org","@graph":[{"@type":"WebPage","@id":"https:\/\/www.thinkingafrica.org\/V2\/thinking-africa\/experts-affilies\/cristina-barrios\/","url":"https:\/\/www.thinkingafrica.org\/V2\/thinking-africa\/experts-affilies\/cristina-barrios\/","name":"Cristina Barrios - Thinking Africa","isPartOf":{"@id":"https:\/\/www.thinkingafrica.org\/V2\/#website"},"datePublished":"2013-08-21T20:11:51+00:00","dateModified":"2014-05-08T14:34:29+00:00","breadcrumb":{"@id":"https:\/\/www.thinkingafrica.org\/V2\/thinking-africa\/experts-affilies\/cristina-barrios\/#breadcrumb"},"inLanguage":"fr-FR","potentialAction":[{"@type":"ReadAction","target":["https:\/\/www.thinkingafrica.org\/V2\/thinking-africa\/experts-affilies\/cristina-barrios\/"]}]},{"@type":"BreadcrumbList","@id":"https:\/\/www.thinkingafrica.org\/V2\/thinking-africa\/experts-affilies\/cristina-barrios\/#breadcrumb","itemListElement":[{"@type":"ListItem","position":1,"name":"Accueil","item":"https:\/\/www.thinkingafrica.org\/V2\/"},{"@type":"ListItem","position":2,"name":"Thinking Africa","item":"https:\/\/www.thinkingafrica.org\/V2\/thinking-africa\/"},{"@type":"ListItem","position":3,"name":"Experts affili\u00e9s","item":"https:\/\/www.thinkingafrica.org\/V2\/thinking-africa\/experts-affilies\/"},{"@type":"ListItem","position":4,"name":"Cristina Barrios"}]},{"@type":"WebSite","@id":"https:\/\/www.thinkingafrica.org\/V2\/#website","url":"https:\/\/www.thinkingafrica.org\/V2\/","name":"Thinking Africa","description":"Recherche, r\u00e9flexions et ressources pour r\u00e9inventer le leadership africain","potentialAction":[{"@type":"SearchAction","target":{"@type":"EntryPoint","urlTemplate":"https:\/\/www.thinkingafrica.org\/V2\/?s={search_term_string}"},"query-input":{"@type":"PropertyValueSpecification","valueRequired":true,"valueName":"search_term_string"}}],"inLanguage":"fr-FR"}]}},"_links":{"self":[{"href":"https:\/\/www.thinkingafrica.org\/V2\/wp-json\/wp\/v2\/pages\/903","targetHints":{"allow":["GET"]}}],"collection":[{"href":"https:\/\/www.thinkingafrica.org\/V2\/wp-json\/wp\/v2\/pages"}],"about":[{"href":"https:\/\/www.thinkingafrica.org\/V2\/wp-json\/wp\/v2\/types\/page"}],"author":[{"embeddable":true,"href":"https:\/\/www.thinkingafrica.org\/V2\/wp-json\/wp\/v2\/users\/1"}],"replies":[{"embeddable":true,"href":"https:\/\/www.thinkingafrica.org\/V2\/wp-json\/wp\/v2\/comments?post=903"}],"version-history":[{"count":5,"href":"https:\/\/www.thinkingafrica.org\/V2\/wp-json\/wp\/v2\/pages\/903\/revisions"}],"predecessor-version":[{"id":3061,"href":"https:\/\/www.thinkingafrica.org\/V2\/wp-json\/wp\/v2\/pages\/903\/revisions\/3061"}],"up":[{"embeddable":true,"href":"https:\/\/www.thinkingafrica.org\/V2\/wp-json\/wp\/v2\/pages\/637"}],"wp:attachment":[{"href":"https:\/\/www.thinkingafrica.org\/V2\/wp-json\/wp\/v2\/media?parent=903"}],"curies":[{"name":"wp","href":"https:\/\/api.w.org\/{rel}","templated":true}]}}