{"id":3302,"date":"2014-09-03T22:27:58","date_gmt":"2014-09-03T20:27:58","guid":{"rendered":"http:\/\/www.thinkingafrica.org\/V2\/?post_type=portfolio&#038;p=3302"},"modified":"2020-05-25T23:33:32","modified_gmt":"2020-05-25T21:33:32","slug":"penser-la-complexite-africaine-mamadou-diouf","status":"publish","type":"portfolio","link":"https:\/\/www.thinkingafrica.org\/V2\/project\/penser-la-complexite-africaine-mamadou-diouf\/","title":{"rendered":"Penser la complexit\u00e9 africaine &#8211; Mamadou Diouf"},"content":{"rendered":"<p><iframe loading=\"lazy\" src=\"https:\/\/www.youtube.com\/embed\/JdP9YtqP8lM\" width=\"740\" height=\"400\" frameborder=\"0\" allowfullscreen=\"allowfullscreen\"><span data-mce-type=\"bookmark\" style=\"display: inline-block; width: 0px; overflow: hidden; line-height: 0;\" class=\"mce_SELRES_start\">\ufeff<\/span><\/iframe><\/p>\n<p><strong>Mamadou Diouf est directeur de l&rsquo;institut des \u00e9tudes africaines de l&rsquo;Universit\u00e9 de Columbia (USA-\u00c9tats-Unis)<\/strong>.<\/p>\n<p>Dans cet entretien r\u00e9alis\u00e9 au printemps 2011, Mamadou Diouf d\u00e9crypte la complexit\u00e9 africaine en 3 partie.<\/p>\n<p>Partie I: La violence, l&rsquo;ethnicit\u00e9 et la construction de la paix en Afrique<br \/>\n<iframe loading=\"lazy\" width=\"560\" height=\"315\" src=\"\/\/www.youtube.com\/embed\/JdP9YtqP8lM\" frameborder=\"0\" allowfullscreen><\/iframe><\/p>\n<p>Part II: La d\u00e9mocratie, l&rsquo;articulation entre pratique et th\u00e9orie, et les dynamiques africaines<br \/>\n<iframe loading=\"lazy\" width=\"560\" height=\"315\" src=\"\/\/www.youtube.com\/embed\/s4nf9KIXbrA\" frameborder=\"0\" allowfullscreen><\/iframe><\/p>\n<p>Part III: La reconstruction (politique), les fronti\u00e8res et la corruption<br \/>\n<iframe loading=\"lazy\" width=\"560\" height=\"315\" src=\"\/\/www.youtube.com\/embed\/a32oGuqGr0Y\" frameborder=\"0\" allowfullscreen><\/iframe><\/p>\n<p>Mamadou Diouf: \u00ab\u00a0L\u2019africain appartient \u00e0 deux espaces publics. Un espace publique qui est celui de l\u2019Etat, et un espace publique qui est ethnique et communautaire. Et c\u2019est la non-articulation entre ces deux espaces qui cr\u00e9ent un probl\u00e8me.<br \/>\nCe n\u2019est pas l\u2019effacement de l\u2019ethnicit\u00e9 qui va r\u00e9soudre le probl\u00e8me. C\u2019est comment articuler ces deux logiques pour cr\u00e9er un espace propre, qui est le produit de l\u2019histoire propre des soci\u00e9t\u00e9s africaines pour pouvoir aboutir \u00e0 un \u00e9quilibre o\u00f9 l\u2019ethnicit\u00e9 n\u2019est plus une ressource politique exclusive. Mais o\u00f9 l\u2019ethnicit\u00e9 devient effectivement une des ressources, parmi d\u2019autres, de l\u2019espace public.\u00a0\u00bb<br \/>\n<a href=\"https:\/\/www.youtube.com\/watch?v=JdP9YtqP8lM\"><img loading=\"lazy\" decoding=\"async\" src=\"http:\/\/www.thinkingafrica.org\/V2\/wp-content\/uploads\/2014\/09\/MamadouDiouf.jpg\" alt=\"MamadouDiouf\" width=\"480\" height=\"360\" class=\"alignnone size-full wp-image-3303\" \/><\/a><\/p>\n","protected":false},"author":1,"featured_media":3303,"menu_order":0,"comment_status":"open","ping_status":"closed","template":"","format":"standard","class_list":["post-3302","portfolio","type-portfolio","status-publish","format-standard","has-post-thumbnail","hentry","portfolio_category-penser-lafrique-2"],"acf":[],"yoast_head":"<!-- This site is optimized with the Yoast SEO plugin v27.5 - https:\/\/yoast.com\/product\/yoast-seo-wordpress\/ -->\n<title>Penser la complexit\u00e9 africaine - Mamadou Diouf - Thinking Africa<\/title>\n<meta name=\"robots\" content=\"index, follow, max-snippet:-1, max-image-preview:large, max-video-preview:-1\" \/>\n<link rel=\"canonical\" href=\"https:\/\/www.thinkingafrica.org\/V2\/portfolio\/penser-la-complexite-africaine-mamadou-diouf\/\" \/>\n<meta property=\"og:locale\" content=\"fr_FR\" \/>\n<meta property=\"og:type\" content=\"article\" \/>\n<meta property=\"og:title\" content=\"Penser la complexit\u00e9 africaine - Mamadou Diouf - Thinking Africa\" \/>\n<meta property=\"og:description\" content=\"\ufeff Mamadou Diouf est directeur de l&rsquo;institut des \u00e9tudes africaines de l&rsquo;Universit\u00e9 de Columbia (USA-\u00c9tats-Unis). Dans cet entretien r\u00e9alis\u00e9 au printemps 2011, Mamadou Diouf d\u00e9crypte la complexit\u00e9 africaine en 3 partie. Partie I: La violence, l&rsquo;ethnicit\u00e9 et la construction de la paix en Afrique Part II: La d\u00e9mocratie, l&rsquo;articulation entre pratique et th\u00e9orie, et les [&hellip;]\" \/>\n<meta property=\"og:url\" content=\"https:\/\/www.thinkingafrica.org\/V2\/portfolio\/penser-la-complexite-africaine-mamadou-diouf\/\" \/>\n<meta property=\"og:site_name\" content=\"Thinking Africa\" \/>\n<meta property=\"article:modified_time\" content=\"2020-05-25T21:33:32+00:00\" \/>\n<meta property=\"og:image\" content=\"https:\/\/www.thinkingafrica.org\/V2\/wp-content\/uploads\/2014\/09\/MamadouDiouf.jpg\" \/>\n\t<meta property=\"og:image:width\" content=\"480\" \/>\n\t<meta property=\"og:image:height\" content=\"360\" \/>\n\t<meta property=\"og:image:type\" content=\"image\/jpeg\" \/>\n<meta name=\"twitter:card\" content=\"summary_large_image\" \/>\n<meta name=\"twitter:label1\" content=\"Dur\u00e9e de lecture estim\u00e9e\" \/>\n\t<meta name=\"twitter:data1\" content=\"1 minute\" \/>\n<script type=\"application\/ld+json\" class=\"yoast-schema-graph\">{\"@context\":\"https:\\\/\\\/schema.org\",\"@graph\":[{\"@type\":\"WebPage\",\"@id\":\"https:\\\/\\\/www.thinkingafrica.org\\\/V2\\\/portfolio\\\/penser-la-complexite-africaine-mamadou-diouf\\\/\",\"url\":\"https:\\\/\\\/www.thinkingafrica.org\\\/V2\\\/portfolio\\\/penser-la-complexite-africaine-mamadou-diouf\\\/\",\"name\":\"Penser la complexit\u00e9 africaine - Mamadou Diouf - Thinking Africa\",\"isPartOf\":{\"@id\":\"https:\\\/\\\/www.thinkingafrica.org\\\/V2\\\/#website\"},\"primaryImageOfPage\":{\"@id\":\"https:\\\/\\\/www.thinkingafrica.org\\\/V2\\\/portfolio\\\/penser-la-complexite-africaine-mamadou-diouf\\\/#primaryimage\"},\"image\":{\"@id\":\"https:\\\/\\\/www.thinkingafrica.org\\\/V2\\\/portfolio\\\/penser-la-complexite-africaine-mamadou-diouf\\\/#primaryimage\"},\"thumbnailUrl\":\"https:\\\/\\\/www.thinkingafrica.org\\\/V2\\\/wp-content\\\/uploads\\\/2014\\\/09\\\/MamadouDiouf.jpg\",\"datePublished\":\"2014-09-03T20:27:58+00:00\",\"dateModified\":\"2020-05-25T21:33:32+00:00\",\"breadcrumb\":{\"@id\":\"https:\\\/\\\/www.thinkingafrica.org\\\/V2\\\/portfolio\\\/penser-la-complexite-africaine-mamadou-diouf\\\/#breadcrumb\"},\"inLanguage\":\"fr-FR\",\"potentialAction\":[{\"@type\":\"ReadAction\",\"target\":[\"https:\\\/\\\/www.thinkingafrica.org\\\/V2\\\/portfolio\\\/penser-la-complexite-africaine-mamadou-diouf\\\/\"]}]},{\"@type\":\"ImageObject\",\"inLanguage\":\"fr-FR\",\"@id\":\"https:\\\/\\\/www.thinkingafrica.org\\\/V2\\\/portfolio\\\/penser-la-complexite-africaine-mamadou-diouf\\\/#primaryimage\",\"url\":\"https:\\\/\\\/www.thinkingafrica.org\\\/V2\\\/wp-content\\\/uploads\\\/2014\\\/09\\\/MamadouDiouf.jpg\",\"contentUrl\":\"https:\\\/\\\/www.thinkingafrica.org\\\/V2\\\/wp-content\\\/uploads\\\/2014\\\/09\\\/MamadouDiouf.jpg\",\"width\":480,\"height\":360},{\"@type\":\"BreadcrumbList\",\"@id\":\"https:\\\/\\\/www.thinkingafrica.org\\\/V2\\\/portfolio\\\/penser-la-complexite-africaine-mamadou-diouf\\\/#breadcrumb\",\"itemListElement\":[{\"@type\":\"ListItem\",\"position\":1,\"name\":\"Accueil\",\"item\":\"https:\\\/\\\/www.thinkingafrica.org\\\/V2\\\/\"},{\"@type\":\"ListItem\",\"position\":2,\"name\":\"Penser la complexit\u00e9 africaine &#8211; Mamadou Diouf\"}]},{\"@type\":\"WebSite\",\"@id\":\"https:\\\/\\\/www.thinkingafrica.org\\\/V2\\\/#website\",\"url\":\"https:\\\/\\\/www.thinkingafrica.org\\\/V2\\\/\",\"name\":\"Thinking Africa\",\"description\":\"Recherche, r\u00e9flexions et ressources pour r\u00e9inventer le leadership africain\",\"potentialAction\":[{\"@type\":\"SearchAction\",\"target\":{\"@type\":\"EntryPoint\",\"urlTemplate\":\"https:\\\/\\\/www.thinkingafrica.org\\\/V2\\\/?s={search_term_string}\"},\"query-input\":{\"@type\":\"PropertyValueSpecification\",\"valueRequired\":true,\"valueName\":\"search_term_string\"}}],\"inLanguage\":\"fr-FR\"}]}<\/script>\n<!-- \/ Yoast SEO plugin. -->","yoast_head_json":{"title":"Penser la complexit\u00e9 africaine - Mamadou Diouf - Thinking Africa","robots":{"index":"index","follow":"follow","max-snippet":"max-snippet:-1","max-image-preview":"max-image-preview:large","max-video-preview":"max-video-preview:-1"},"canonical":"https:\/\/www.thinkingafrica.org\/V2\/portfolio\/penser-la-complexite-africaine-mamadou-diouf\/","og_locale":"fr_FR","og_type":"article","og_title":"Penser la complexit\u00e9 africaine - Mamadou Diouf - Thinking Africa","og_description":"\ufeff Mamadou Diouf est directeur de l&rsquo;institut des \u00e9tudes africaines de l&rsquo;Universit\u00e9 de Columbia (USA-\u00c9tats-Unis). Dans cet entretien r\u00e9alis\u00e9 au printemps 2011, Mamadou Diouf d\u00e9crypte la complexit\u00e9 africaine en 3 partie. Partie I: La violence, l&rsquo;ethnicit\u00e9 et la construction de la paix en Afrique Part II: La d\u00e9mocratie, l&rsquo;articulation entre pratique et th\u00e9orie, et les [&hellip;]","og_url":"https:\/\/www.thinkingafrica.org\/V2\/portfolio\/penser-la-complexite-africaine-mamadou-diouf\/","og_site_name":"Thinking Africa","article_modified_time":"2020-05-25T21:33:32+00:00","og_image":[{"width":480,"height":360,"url":"https:\/\/www.thinkingafrica.org\/V2\/wp-content\/uploads\/2014\/09\/MamadouDiouf.jpg","type":"image\/jpeg"}],"twitter_card":"summary_large_image","twitter_misc":{"Dur\u00e9e de lecture estim\u00e9e":"1 minute"},"schema":{"@context":"https:\/\/schema.org","@graph":[{"@type":"WebPage","@id":"https:\/\/www.thinkingafrica.org\/V2\/portfolio\/penser-la-complexite-africaine-mamadou-diouf\/","url":"https:\/\/www.thinkingafrica.org\/V2\/portfolio\/penser-la-complexite-africaine-mamadou-diouf\/","name":"Penser la complexit\u00e9 africaine - Mamadou Diouf - Thinking Africa","isPartOf":{"@id":"https:\/\/www.thinkingafrica.org\/V2\/#website"},"primaryImageOfPage":{"@id":"https:\/\/www.thinkingafrica.org\/V2\/portfolio\/penser-la-complexite-africaine-mamadou-diouf\/#primaryimage"},"image":{"@id":"https:\/\/www.thinkingafrica.org\/V2\/portfolio\/penser-la-complexite-africaine-mamadou-diouf\/#primaryimage"},"thumbnailUrl":"https:\/\/www.thinkingafrica.org\/V2\/wp-content\/uploads\/2014\/09\/MamadouDiouf.jpg","datePublished":"2014-09-03T20:27:58+00:00","dateModified":"2020-05-25T21:33:32+00:00","breadcrumb":{"@id":"https:\/\/www.thinkingafrica.org\/V2\/portfolio\/penser-la-complexite-africaine-mamadou-diouf\/#breadcrumb"},"inLanguage":"fr-FR","potentialAction":[{"@type":"ReadAction","target":["https:\/\/www.thinkingafrica.org\/V2\/portfolio\/penser-la-complexite-africaine-mamadou-diouf\/"]}]},{"@type":"ImageObject","inLanguage":"fr-FR","@id":"https:\/\/www.thinkingafrica.org\/V2\/portfolio\/penser-la-complexite-africaine-mamadou-diouf\/#primaryimage","url":"https:\/\/www.thinkingafrica.org\/V2\/wp-content\/uploads\/2014\/09\/MamadouDiouf.jpg","contentUrl":"https:\/\/www.thinkingafrica.org\/V2\/wp-content\/uploads\/2014\/09\/MamadouDiouf.jpg","width":480,"height":360},{"@type":"BreadcrumbList","@id":"https:\/\/www.thinkingafrica.org\/V2\/portfolio\/penser-la-complexite-africaine-mamadou-diouf\/#breadcrumb","itemListElement":[{"@type":"ListItem","position":1,"name":"Accueil","item":"https:\/\/www.thinkingafrica.org\/V2\/"},{"@type":"ListItem","position":2,"name":"Penser la complexit\u00e9 africaine &#8211; Mamadou Diouf"}]},{"@type":"WebSite","@id":"https:\/\/www.thinkingafrica.org\/V2\/#website","url":"https:\/\/www.thinkingafrica.org\/V2\/","name":"Thinking Africa","description":"Recherche, r\u00e9flexions et ressources pour r\u00e9inventer le leadership africain","potentialAction":[{"@type":"SearchAction","target":{"@type":"EntryPoint","urlTemplate":"https:\/\/www.thinkingafrica.org\/V2\/?s={search_term_string}"},"query-input":{"@type":"PropertyValueSpecification","valueRequired":true,"valueName":"search_term_string"}}],"inLanguage":"fr-FR"}]}},"_links":{"self":[{"href":"https:\/\/www.thinkingafrica.org\/V2\/wp-json\/wp\/v2\/portfolio\/3302","targetHints":{"allow":["GET"]}}],"collection":[{"href":"https:\/\/www.thinkingafrica.org\/V2\/wp-json\/wp\/v2\/portfolio"}],"about":[{"href":"https:\/\/www.thinkingafrica.org\/V2\/wp-json\/wp\/v2\/types\/portfolio"}],"author":[{"embeddable":true,"href":"https:\/\/www.thinkingafrica.org\/V2\/wp-json\/wp\/v2\/users\/1"}],"replies":[{"embeddable":true,"href":"https:\/\/www.thinkingafrica.org\/V2\/wp-json\/wp\/v2\/comments?post=3302"}],"wp:featuredmedia":[{"embeddable":true,"href":"https:\/\/www.thinkingafrica.org\/V2\/wp-json\/wp\/v2\/media\/3303"}],"wp:attachment":[{"href":"https:\/\/www.thinkingafrica.org\/V2\/wp-json\/wp\/v2\/media?parent=3302"}],"curies":[{"name":"wp","href":"https:\/\/api.w.org\/{rel}","templated":true}]}}

Penser la complexité africaine &#8211; Mamadou Diouf

<p><iframe loading="lazy" src="https://www.youtube.com/embed/JdP9YtqP8lM" width="740" height="400" frameborder="0" allowfullscreen="allowfullscreen"><span data-mce-type="bookmark" style="display: inline-block; width: 0px; overflow: hidden; line-height: 0;" class="mce_SELRES_start">﻿</span></iframe></p>
<p><strong>Mamadou Diouf est directeur de l&rsquo;institut des études africaines de l&rsquo;Université de Columbia (USA-États-Unis)</strong>.</p>
<p>Dans cet entretien réalisé au printemps 2011, Mamadou Diouf décrypte la complexité africaine en 3 partie.</p>
<p>Partie I: La violence, l&rsquo;ethnicité et la construction de la paix en Afrique<br />
<iframe loading="lazy" width="560" height="315" src="//www.youtube.com/embed/JdP9YtqP8lM" frameborder="0" allowfullscreen></iframe></p>
<p>Part II: La démocratie, l&rsquo;articulation entre pratique et théorie, et les dynamiques africaines<br />
<iframe loading="lazy" width="560" height="315" src="//www.youtube.com/embed/s4nf9KIXbrA" frameborder="0" allowfullscreen></iframe></p>
<p>Part III: La reconstruction (politique), les frontières et la corruption<br />
<iframe loading="lazy" width="560" height="315" src="//www.youtube.com/embed/a32oGuqGr0Y" frameborder="0" allowfullscreen></iframe></p>
<p>Mamadou Diouf: « L’africain appartient à deux espaces publics. Un espace publique qui est celui de l’Etat, et un espace publique qui est ethnique et communautaire. Et c’est la non-articulation entre ces deux espaces qui créent un problème.<br />
Ce n’est pas l’effacement de l’ethnicité qui va résoudre le problème. C’est comment articuler ces deux logiques pour créer un espace propre, qui est le produit de l’histoire propre des sociétés africaines pour pouvoir aboutir à un équilibre où l’ethnicité n’est plus une ressource politique exclusive. Mais où l’ethnicité devient effectivement une des ressources, parmi d’autres, de l’espace public. »<br />
<a href="https://www.youtube.com/watch?v=JdP9YtqP8lM"><img loading="lazy" decoding="async" src="http://www.thinkingafrica.org/V2/wp-content/uploads/2014/09/MamadouDiouf.jpg" alt="MamadouDiouf" width="480" height="360" class="alignnone size-full wp-image-3303" /></a></p>

<!-- This site is optimized with the Yoast SEO plugin v27.5 - https://yoast.com/product/yoast-seo-wordpress/ -->
<title>Penser la complexité africaine - Mamadou Diouf - Thinking Africa</title>
<meta name="robots" content="index, follow, max-snippet:-1, max-image-preview:large, max-video-preview:-1" />
<link rel="canonical" href="https://www.thinkingafrica.org/V2/portfolio/penser-la-complexite-africaine-mamadou-diouf/" />
<meta property="og:locale" content="fr_FR" />
<meta property="og:type" content="article" />
<meta property="og:title" content="Penser la complexité africaine - Mamadou Diouf - Thinking Africa" />
<meta property="og:description" content="﻿ Mamadou Diouf est directeur de l&rsquo;institut des études africaines de l&rsquo;Université de Columbia (USA-États-Unis). Dans cet entretien réalisé au printemps 2011, Mamadou Diouf décrypte la complexité africaine en 3 partie. Partie I: La violence, l&rsquo;ethnicité et la construction de la paix en Afrique Part II: La démocratie, l&rsquo;articulation entre pratique et théorie, et les [&hellip;]" />
<meta property="og:url" content="https://www.thinkingafrica.org/V2/portfolio/penser-la-complexite-africaine-mamadou-diouf/" />
<meta property="og:site_name" content="Thinking Africa" />
<meta property="article:modified_time" content="2020-05-25T21:33:32+00:00" />
<meta property="og:image" content="https://www.thinkingafrica.org/V2/wp-content/uploads/2014/09/MamadouDiouf.jpg" />
	<meta property="og:image:width" content="480" />
	<meta property="og:image:height" content="360" />
	<meta property="og:image:type" content="image/jpeg" />
<meta name="twitter:card" content="summary_large_image" />
<meta name="twitter:label1" content="Durée de lecture estimée" />
	<meta name="twitter:data1" content="1 minute" />
<script type="application/ld+json" class="yoast-schema-graph">{"@context":"https:\/\/schema.org","@graph":[{"@type":"WebPage","@id":"https:\/\/www.thinkingafrica.org\/V2\/portfolio\/penser-la-complexite-africaine-mamadou-diouf\/","url":"https:\/\/www.thinkingafrica.org\/V2\/portfolio\/penser-la-complexite-africaine-mamadou-diouf\/","name":"Penser la complexité africaine - Mamadou Diouf - Thinking Africa","isPartOf":{"@id":"https:\/\/www.thinkingafrica.org\/V2\/#website"},"primaryImageOfPage":{"@id":"https:\/\/www.thinkingafrica.org\/V2\/portfolio\/penser-la-complexite-africaine-mamadou-diouf\/#primaryimage"},"image":{"@id":"https:\/\/www.thinkingafrica.org\/V2\/portfolio\/penser-la-complexite-africaine-mamadou-diouf\/#primaryimage"},"thumbnailUrl":"https:\/\/www.thinkingafrica.org\/V2\/wp-content\/uploads\/2014\/09\/MamadouDiouf.jpg","datePublished":"2014-09-03T20:27:58+00:00","dateModified":"2020-05-25T21:33:32+00:00","breadcrumb":{"@id":"https:\/\/www.thinkingafrica.org\/V2\/portfolio\/penser-la-complexite-africaine-mamadou-diouf\/#breadcrumb"},"inLanguage":"fr-FR","potentialAction":[{"@type":"ReadAction","target":["https:\/\/www.thinkingafrica.org\/V2\/portfolio\/penser-la-complexite-africaine-mamadou-diouf\/"]}]},{"@type":"ImageObject","inLanguage":"fr-FR","@id":"https:\/\/www.thinkingafrica.org\/V2\/portfolio\/penser-la-complexite-africaine-mamadou-diouf\/#primaryimage","url":"https:\/\/www.thinkingafrica.org\/V2\/wp-content\/uploads\/2014\/09\/MamadouDiouf.jpg","contentUrl":"https:\/\/www.thinkingafrica.org\/V2\/wp-content\/uploads\/2014\/09\/MamadouDiouf.jpg","width":480,"height":360},{"@type":"BreadcrumbList","@id":"https:\/\/www.thinkingafrica.org\/V2\/portfolio\/penser-la-complexite-africaine-mamadou-diouf\/#breadcrumb","itemListElement":[{"@type":"ListItem","position":1,"name":"Accueil","item":"https:\/\/www.thinkingafrica.org\/V2\/"},{"@type":"ListItem","position":2,"name":"Penser la complexité africaine &#8211; Mamadou Diouf"}]},{"@type":"WebSite","@id":"https:\/\/www.thinkingafrica.org\/V2\/#website","url":"https:\/\/www.thinkingafrica.org\/V2\/","name":"Thinking Africa","description":"Recherche, réflexions et ressources pour réinventer le leadership africain","potentialAction":[{"@type":"SearchAction","target":{"@type":"EntryPoint","urlTemplate":"https:\/\/www.thinkingafrica.org\/V2\/?s={search_term_string}"},"query-input":{"@type":"PropertyValueSpecification","valueRequired":true,"valueName":"search_term_string"}}],"inLanguage":"fr-FR"}]}</script>
<!-- / Yoast SEO plugin. -->

Penser la complexité africaine - Mamadou Diouf - Thinking Africa

﻿ Mamadou Diouf est directeur de l&rsquo;institut des études africaines de l&rsquo;Université de Columbia (USA-États-Unis). Dans cet entretien réalisé au printemps 2011, Mamadou Diouf décrypte la complexité africaine en 3 partie. Partie I: La violence, l&rsquo;ethnicité et la construction de la paix en Afrique Part II: La démocratie, l&rsquo;articulation entre pratique et théorie, et les [&hellip;]

Recherche, réflexions et ressources pour réinventer le leadership africain
